CRAN Package Check Results for Package drumr

Last updated on 2025-01-19 05:49:07 CET.

Flavor Version Tinstall Tcheck Ttotal Status Flags
r-devel-linux-x86_64-debian-clang 0.1.0 3.10 23.40 26.50 OK
r-devel-linux-x86_64-debian-gcc 0.1.0 2.34 19.17 21.51 OK
r-devel-linux-x86_64-fedora-clang 0.1.0 41.88 OK
r-devel-linux-x86_64-fedora-gcc 0.1.0 40.36 OK
r-devel-windows-x86_64 0.1.0 5.00 51.00 56.00 OK
r-patched-linux-x86_64 0.1.0 2.84 22.32 25.16 NOTE
r-release-linux-x86_64 0.1.0 1.95 22.19 24.14 NOTE
r-release-macos-arm64 0.1.0 19.00 NOTE
r-release-macos-x86_64 0.1.0 26.00 NOTE
r-release-windows-x86_64 0.1.0 6.00 46.00 52.00 NOTE
r-oldrel-macos-arm64 0.1.0 19.00 NOTE
r-oldrel-macos-x86_64 0.1.0 24.00 NOTE
r-oldrel-windows-x86_64 0.1.0 7.00 51.00 58.00 NOTE

Check Details

Version: 0.1.0
Check: LazyData
Result: NOTE 'LazyData' is specified without a 'data' directory Flavors: r-patched-linux-x86_64, r-release-linux-x86_64, r-release-macos-arm64, r-release-macos-x86_64, r-release-windows-x86_64, r-oldrel-macos-arm64, r-oldrel-macos-x86_64, r-oldrel-windows-x86_64