CRAN Package Check Results for Package dsm

Last updated on 2025-01-19 05:49:07 CET.

Flavor Version Tinstall Tcheck Ttotal Status Flags
r-devel-linux-x86_64-debian-clang 2.3.3 9.90 91.32 101.22 NOTE
r-devel-linux-x86_64-debian-gcc 2.3.3 7.27 67.62 74.89 NOTE
r-devel-linux-x86_64-fedora-clang 2.3.3 163.72 NOTE
r-devel-linux-x86_64-fedora-gcc 2.3.3 152.62 NOTE
r-devel-windows-x86_64 2.3.3 12.00 105.00 117.00 NOTE
r-patched-linux-x86_64 2.3.3 12.88 83.94 96.82 NOTE
r-release-linux-x86_64 2.3.3 10.42 84.07 94.49 NOTE
r-release-macos-arm64 2.3.3 46.00 NOTE
r-release-macos-x86_64 2.3.3 69.00 NOTE
r-release-windows-x86_64 2.3.3 15.00 103.00 118.00 NOTE
r-oldrel-macos-arm64 2.3.3 51.00 OK
r-oldrel-macos-x86_64 2.3.3 80.00 OK
r-oldrel-windows-x86_64 2.3.3 16.00 126.00 142.00 OK

Check Details

Version: 2.3.3
Check: Rd files
Result: NOTE checkRd: (-1) dsm_varprop.Rd:67: Lost braces 67 | parameter uncertainty. See Wood, Pya & S{\"a}fken (2016) for more | ^ checkRd: (-1) dsm_varprop.Rd:100: Lost braces 100 | Wood, S.N., Pya, N. and S{\"a}fken, B. (2016) Smoothing parameter and model | ^ Flavors: r-devel-linux-x86_64-debian-clang, r-devel-linux-x86_64-debian-gcc, r-devel-linux-x86_64-fedora-clang, r-devel-linux-x86_64-fedora-gcc, r-devel-windows-x86_64, r-patched-linux-x86_64, r-release-linux-x86_64, r-release-macos-arm64, r-release-macos-x86_64, r-release-windows-x86_64

Version: 2.3.3
Check: Rd cross-references
Result: NOTE Found the following Rd file(s) with Rd \link{} targets missing package anchors: check.cols.Rd: mrds dsm.cor.Rd: residuals.gam dsm_cor.Rd: residuals.gam dsm_varprop.Rd: gamObject Please provide package anchors for all Rd \link{} targets not in the package itself and the base packages. Flavors: r-devel-linux-x86_64-debian-clang, r-devel-linux-x86_64-debian-gcc, r-devel-windows-x86_64