CRAN Package Check Results for Package dumbbell

Last updated on 2025-01-19 05:49:07 CET.

Flavor Version Tinstall Tcheck Ttotal Status Flags
r-devel-linux-x86_64-debian-clang 0.1 6.14 63.31 69.45 OK
r-devel-linux-x86_64-debian-gcc 0.1 4.45 47.87 52.32 OK
r-devel-linux-x86_64-fedora-clang 0.1 112.18 OK
r-devel-linux-x86_64-fedora-gcc 0.1 116.81 OK
r-devel-windows-x86_64 0.1 9.00 76.00 85.00 OK
r-patched-linux-x86_64 0.1 4.29 58.13 62.42 NOTE
r-release-linux-x86_64 0.1 5.52 57.89 63.41 NOTE
r-release-macos-arm64 0.1 37.00 NOTE
r-release-macos-x86_64 0.1 54.00 NOTE
r-release-windows-x86_64 0.1 8.00 78.00 86.00 NOTE
r-oldrel-macos-arm64 0.1 38.00 NOTE
r-oldrel-macos-x86_64 0.1 56.00 NOTE
r-oldrel-windows-x86_64 0.1 10.00 88.00 98.00 NOTE

Check Details

Version: 0.1
Check: LazyData
Result: NOTE 'LazyData' is specified without a 'data' directory Flavors: r-patched-linux-x86_64, r-release-linux-x86_64, r-release-macos-arm64, r-release-macos-x86_64, r-release-windows-x86_64, r-oldrel-macos-arm64, r-oldrel-macos-x86_64, r-oldrel-windows-x86_64