Last updated on 2024-05-01 16:52:52 CEST.
Flavor | Version | Tinstall | Tcheck | Ttotal | Status | Flags |
---|---|---|---|---|---|---|
r-devel-linux-x86_64-debian-clang | 0.2.10 | 4.59 | 33.78 | 38.37 | OK | |
r-devel-linux-x86_64-debian-gcc | 0.2.10 | 3.60 | 25.44 | 29.04 | OK | |
r-devel-linux-x86_64-fedora-clang | 0.2.10 | 46.52 | NOTE | |||
r-devel-linux-x86_64-fedora-gcc | 0.2.10 | 43.84 | OK | |||
r-devel-windows-x86_64 | 0.2.10 | 6.00 | 48.00 | 54.00 | OK | |
r-patched-linux-x86_64 | 0.2.10 | 3.51 | 32.91 | 36.42 | OK | |
r-release-linux-x86_64 | 0.2.10 | 3.75 | 32.06 | 35.81 | OK | |
r-release-macos-arm64 | 0.2.10 | 19.00 | OK | |||
r-release-windows-x86_64 | 0.2.10 | 6.00 | 48.00 | 54.00 | OK | |
r-oldrel-macos-arm64 | 0.2.10 | 111.00 | OK | |||
r-oldrel-macos-x86_64 | 0.2.10 | 135.00 | OK | |||
r-oldrel-windows-x86_64 | 0.2.10 | 7.00 | 49.00 | 56.00 | OK |
Version: 0.2.10
Check: Rd cross-references
Result: NOTE
Undeclared package ‘rdwd’ in Rd xrefs
Flavor: r-devel-linux-x86_64-fedora-clang