CRAN Package Check Results for Package dydea

Last updated on 2025-01-19 05:49:07 CET.

Flavor Version Tinstall Tcheck Ttotal Status Flags
r-devel-linux-x86_64-debian-clang 0.1.0 2.02 28.13 30.15 OK
r-devel-linux-x86_64-debian-gcc 0.1.0 1.52 21.78 23.30 OK
r-devel-linux-x86_64-fedora-clang 0.1.0 51.72 OK
r-devel-linux-x86_64-fedora-gcc 0.1.0 50.32 OK
r-devel-windows-x86_64 0.1.0 3.00 59.00 62.00 OK
r-patched-linux-x86_64 0.1.0 1.78 26.67 28.45 NOTE
r-release-linux-x86_64 0.1.0 1.98 26.31 28.29 NOTE
r-release-macos-arm64 0.1.0 20.00 NOTE
r-release-macos-x86_64 0.1.0 28.00 NOTE
r-release-windows-x86_64 0.1.0 4.00 57.00 61.00 NOTE
r-oldrel-macos-arm64 0.1.0 22.00 NOTE
r-oldrel-macos-x86_64 0.1.0 29.00 NOTE
r-oldrel-windows-x86_64 0.1.0 3.00 52.00 55.00 NOTE

Check Details

Version: 0.1.0
Check: LazyData
Result: NOTE 'LazyData' is specified without a 'data' directory Flavors: r-patched-linux-x86_64, r-release-linux-x86_64, r-release-macos-arm64, r-release-macos-x86_64, r-release-windows-x86_64, r-oldrel-macos-arm64, r-oldrel-macos-x86_64, r-oldrel-windows-x86_64