CRAN Package Check Results for Package dynaSpec

Last updated on 2020-10-28 11:49:44 CET.

Flavor Version Tinstall Tcheck Ttotal Status Flags
r-devel-linux-x86_64-debian-clang 1.0.0 3.59 29.21 32.80 OK
r-devel-linux-x86_64-debian-gcc 1.0.0 2.83 23.17 26.00 OK
r-devel-linux-x86_64-fedora-clang 1.0.0 48.61 NOTE
r-devel-linux-x86_64-fedora-gcc 1.0.0 38.95 NOTE
r-devel-windows-ix86+x86_64 1.0.0 8.00 46.00 54.00 OK
r-patched-linux-x86_64 1.0.0 OK
r-patched-solaris-x86 1.0.0 57.50 NOTE
r-release-linux-x86_64 1.0.0 3.47 27.80 31.27 OK
r-release-macos-x86_64 1.0.0 NOTE
r-release-windows-ix86+x86_64 1.0.0 6.00 34.00 40.00 OK
r-oldrel-macos-x86_64 1.0.0 NOTE
r-oldrel-windows-ix86+x86_64 1.0.0 6.00 44.00 50.00 OK

Check Details

Version: 1.0.0
Check: dependencies in R code
Result: NOTE
    Namespaces in Imports field not imported from:
     ‘stats’ ‘utils’
     All declared Imports should be used.
Flavors: r-devel-linux-x86_64-fedora-clang, r-devel-linux-x86_64-fedora-gcc, r-patched-solaris-x86, r-release-macos-x86_64, r-oldrel-macos-x86_64

Version: 1.0.0
Check: Rd cross-references
Result: NOTE
    Undeclared package ‘warbleR’ in Rd xrefs
Flavor: r-devel-linux-x86_64-fedora-clang