Last updated on 2025-01-19 05:49:07 CET.
Flavor | Version | Tinstall | Tcheck | Ttotal | Status | Flags |
---|---|---|---|---|---|---|
r-devel-linux-x86_64-debian-clang | 1.1.0 | 7.16 | 56.22 | 63.38 | NOTE | |
r-devel-linux-x86_64-debian-gcc | 1.1.0 | 5.05 | 42.84 | 47.89 | NOTE | |
r-devel-linux-x86_64-fedora-clang | 1.1.0 | 103.90 | OK | |||
r-devel-linux-x86_64-fedora-gcc | 1.1.0 | 111.20 | OK | |||
r-devel-windows-x86_64 | 1.1.0 | 9.00 | 71.00 | 80.00 | NOTE | |
r-patched-linux-x86_64 | 1.1.0 | 12.72 | 52.14 | 64.86 | OK | |
r-release-linux-x86_64 | 1.1.0 | 7.11 | 51.86 | 58.97 | OK | |
r-release-macos-arm64 | 1.1.0 | 38.00 | OK | |||
r-release-macos-x86_64 | 1.1.0 | 54.00 | OK | |||
r-release-windows-x86_64 | 1.1.0 | 10.00 | 73.00 | 83.00 | OK | |
r-oldrel-macos-arm64 | 1.1.0 | 40.00 | OK | |||
r-oldrel-macos-x86_64 | 1.1.0 | 52.00 | OK | |||
r-oldrel-windows-x86_64 | 1.1.0 | 11.00 | 85.00 | 96.00 | OK |
Version: 1.1.0
Check: Rd cross-references
Result: NOTE
Found the following Rd file(s) with Rd \link{} targets missing package
anchors:
cfaHB.Rd: lavaan, cfa, model.syntax
cfaOne.Rd: lavaan, cfa, model.syntax
equivTest.Rd: lavaan
exactFit.Rd: lavaan, cfa, model.syntax
Please provide package anchors for all Rd \link{} targets not in the
package itself and the base packages.
Flavors: r-devel-linux-x86_64-debian-clang, r-devel-linux-x86_64-debian-gcc, r-devel-windows-x86_64