Last updated on 2024-03-28 14:48:27 CET.
Flavor | Version | Tinstall | Tcheck | Ttotal | Status | Flags |
---|---|---|---|---|---|---|
r-devel-linux-x86_64-debian-clang | 1.0.4 | 12.45 | 124.28 | 136.73 | NOTE | |
r-devel-linux-x86_64-debian-gcc | 1.0.4 | 8.77 | 92.52 | 101.29 | NOTE | |
r-devel-linux-x86_64-fedora-clang | 1.0.4 | 168.23 | NOTE | |||
r-devel-linux-x86_64-fedora-gcc | 1.0.4 | 163.51 | NOTE | |||
r-devel-windows-x86_64 | 1.0.4 | 11.00 | 109.00 | 120.00 | NOTE | |
r-patched-linux-x86_64 | 1.0.4 | 7.55 | 121.24 | 128.79 | NOTE | |
r-release-linux-x86_64 | 1.0.4 | 9.52 | 122.05 | 131.57 | NOTE | |
r-release-macos-arm64 | 1.0.4 | 57.00 | NOTE | |||
r-release-macos-x86_64 | 1.0.4 | 93.00 | NOTE | |||
r-release-windows-x86_64 | 1.0.4 | 14.00 | 129.00 | 143.00 | NOTE | |
r-oldrel-macos-arm64 | 1.0.4 | 77.00 | NOTE | |||
r-oldrel-windows-x86_64 | 1.0.4 | 13.00 | 132.00 | 145.00 | NOTE |
Version: 1.0.4
Check: package dependencies
Result: NOTE
Package suggested but not available for checking: ‘lle’
Flavors: r-devel-linux-x86_64-debian-clang, r-devel-linux-x86_64-debian-gcc, r-devel-linux-x86_64-fedora-clang, r-devel-linux-x86_64-fedora-gcc, r-devel-windows-x86_64, r-patched-linux-x86_64, r-release-linux-x86_64, r-release-macos-arm64, r-release-macos-x86_64, r-release-windows-x86_64, r-oldrel-windows-x86_64
Version: 1.0.4
Check: LazyData
Result: NOTE
'LazyData' is specified without a 'data' directory
Flavors: r-devel-linux-x86_64-debian-clang, r-devel-linux-x86_64-debian-gcc, r-devel-linux-x86_64-fedora-clang, r-devel-linux-x86_64-fedora-gcc, r-devel-windows-x86_64, r-patched-linux-x86_64, r-release-linux-x86_64, r-release-macos-arm64, r-release-macos-x86_64, r-release-windows-x86_64, r-oldrel-macos-arm64, r-oldrel-windows-x86_64