Last updated on 2025-01-19 05:49:07 CET.
Flavor | Version | Tinstall | Tcheck | Ttotal | Status | Flags |
---|---|---|---|---|---|---|
r-devel-linux-x86_64-debian-clang | 0.1.0 | 3.04 | 28.77 | 31.81 | OK | |
r-devel-linux-x86_64-debian-gcc | 0.1.0 | 2.76 | 22.90 | 25.66 | OK | |
r-devel-linux-x86_64-fedora-clang | 0.1.0 | 53.17 | NOTE | |||
r-devel-linux-x86_64-fedora-gcc | 0.1.0 | 51.28 | NOTE | |||
r-devel-windows-x86_64 | 0.1.0 | 6.00 | 50.00 | 56.00 | OK | |
r-patched-linux-x86_64 | 0.1.0 | 3.48 | 27.61 | 31.09 | OK | |
r-release-linux-x86_64 | 0.1.0 | 3.29 | 27.76 | 31.05 | OK | |
r-release-macos-arm64 | 0.1.0 | 22.00 | OK | |||
r-release-macos-x86_64 | 0.1.0 | 29.00 | OK | |||
r-release-windows-x86_64 | 0.1.0 | 6.00 | 51.00 | 57.00 | OK | |
r-oldrel-macos-arm64 | 0.1.0 | 22.00 | OK | |||
r-oldrel-macos-x86_64 | 0.1.0 | 29.00 | OK | |||
r-oldrel-windows-x86_64 | 0.1.0 | 6.00 | 52.00 | 58.00 | OK |
Version: 0.1.0
Check: dependencies in R code
Result: NOTE
Namespace in Imports field not imported from: ‘graphics’
All declared Imports should be used.
Flavors: r-devel-linux-x86_64-fedora-clang, r-devel-linux-x86_64-fedora-gcc