Last updated on 2025-01-19 05:49:07 CET.
Flavor | Version | Tinstall | Tcheck | Ttotal | Status | Flags |
---|---|---|---|---|---|---|
r-devel-linux-x86_64-debian-clang | 1.0.2 | 9.77 | 86.05 | 95.82 | OK | |
r-devel-linux-x86_64-debian-gcc | 1.0.2 | 6.80 | 58.53 | 65.33 | OK | |
r-devel-linux-x86_64-fedora-clang | 1.0.2 | 147.74 | OK | |||
r-devel-linux-x86_64-fedora-gcc | 1.0.2 | 144.18 | OK | |||
r-devel-windows-x86_64 | 1.0.2 | 12.00 | 91.00 | 103.00 | OK | |
r-patched-linux-x86_64 | 1.0.2 | 8.85 | 77.39 | 86.24 | NOTE | |
r-release-linux-x86_64 | 1.0.2 | 9.24 | 77.24 | 86.48 | NOTE | |
r-release-macos-arm64 | 1.0.2 | 44.00 | NOTE | |||
r-release-macos-x86_64 | 1.0.2 | 66.00 | NOTE | |||
r-release-windows-x86_64 | 1.0.2 | 12.00 | 89.00 | 101.00 | NOTE | |
r-oldrel-macos-arm64 | 1.0.2 | 46.00 | NOTE | |||
r-oldrel-macos-x86_64 | 1.0.2 | 76.00 | NOTE | |||
r-oldrel-windows-x86_64 | 1.0.2 | 12.00 | 109.00 | 121.00 | NOTE |
Version: 1.0.2
Check: LazyData
Result: NOTE
'LazyData' is specified without a 'data' directory
Flavors: r-patched-linux-x86_64, r-release-linux-x86_64, r-release-macos-arm64, r-release-macos-x86_64, r-release-windows-x86_64, r-oldrel-macos-arm64, r-oldrel-macos-x86_64, r-oldrel-windows-x86_64