Last updated on 2024-04-17 13:57:26 CEST.
Flavor | Version | Tinstall | Tcheck | Ttotal | Status | Flags |
---|---|---|---|---|---|---|
r-devel-linux-x86_64-debian-clang | 0.4-6 | 41.62 | 101.69 | 143.31 | OK | |
r-devel-linux-x86_64-debian-gcc | 0.4-6 | 36.48 | 73.96 | 110.44 | OK | |
r-devel-linux-x86_64-fedora-clang | 0.4-6 | 181.38 | OK | |||
r-devel-linux-x86_64-fedora-gcc | 0.4-6 | 180.90 | OK | |||
r-prerel-macos-arm64 | 0.4-6 | 52.00 | NOTE | |||
r-prerel-windows-x86_64 | 0.4-6 | 35.00 | 110.00 | 145.00 | OK | |
r-patched-linux-x86_64 | 0.4-6 | 48.68 | 94.36 | 143.04 | OK | |
r-release-linux-x86_64 | 0.4-6 | 39.99 | 98.29 | 138.28 | OK | |
r-release-macos-arm64 | 0.4-6 | 57.00 | NOTE | |||
r-release-macos-x86_64 | 0.4-6 | 147.00 | NOTE | |||
r-release-windows-x86_64 | 0.4-6 | 43.00 | 134.00 | 177.00 | OK | |
r-oldrel-macos-arm64 | 0.4-6 | 59.00 | NOTE | |||
r-oldrel-windows-x86_64 | 0.4-6 | 40.00 | 138.00 | 178.00 | OK |
Version: 0.4-6
Check: installed package size
Result: NOTE
installed size is 5.6Mb
sub-directories of 1Mb or more:
libs 5.4Mb
Flavors: r-prerel-macos-arm64, r-release-macos-arm64, r-release-macos-x86_64, r-oldrel-macos-arm64