Last updated on 2025-01-19 05:49:07 CET.
Flavor | Version | Tinstall | Tcheck | Ttotal | Status | Flags |
---|---|---|---|---|---|---|
r-devel-linux-x86_64-debian-clang | 0.4-7 | 33.43 | 80.10 | 113.53 | OK | |
r-devel-linux-x86_64-debian-gcc | 0.4-7 | 27.21 | 53.63 | 80.84 | OK | |
r-devel-linux-x86_64-fedora-clang | 0.4-7 | 184.78 | OK | |||
r-devel-linux-x86_64-fedora-gcc | 0.4-7 | 188.64 | OK | |||
r-devel-windows-x86_64 | 0.4-7 | 37.00 | 109.00 | 146.00 | OK | |
r-patched-linux-x86_64 | 0.4-7 | 37.07 | 72.53 | 109.60 | OK | |
r-release-linux-x86_64 | 0.4-7 | 35.83 | 73.37 | 109.20 | OK | |
r-release-macos-arm64 | 0.4-7 | 57.00 | NOTE | |||
r-release-macos-x86_64 | 0.4-7 | 151.00 | NOTE | |||
r-release-windows-x86_64 | 0.4-7 | 38.00 | 107.00 | 145.00 | OK | |
r-oldrel-macos-arm64 | 0.4-7 | 66.00 | NOTE | |||
r-oldrel-macos-x86_64 | 0.4-7 | 101.00 | NOTE | |||
r-oldrel-windows-x86_64 | 0.4-7 | 39.00 | 137.00 | 176.00 | OK |
Version: 0.4-7
Check: installed package size
Result: NOTE
installed size is 5.6Mb
sub-directories of 1Mb or more:
libs 5.4Mb
Flavors: r-release-macos-arm64, r-release-macos-x86_64, r-oldrel-macos-arm64, r-oldrel-macos-x86_64