Last updated on 2025-01-19 05:49:07 CET.
Flavor | Version | Tinstall | Tcheck | Ttotal | Status | Flags |
---|---|---|---|---|---|---|
r-devel-linux-x86_64-debian-clang | 1.1 | 1.66 | 28.08 | 29.74 | OK | |
r-devel-linux-x86_64-debian-gcc | 1.1 | 1.47 | 22.88 | 24.35 | OK | |
r-devel-linux-x86_64-fedora-clang | 1.1 | 50.38 | OK | |||
r-devel-linux-x86_64-fedora-gcc | 1.1 | 62.51 | OK | |||
r-devel-windows-x86_64 | 1.1 | 3.00 | 73.00 | 76.00 | OK | |
r-patched-linux-x86_64 | 1.1 | 1.60 | 27.25 | 28.85 | OK | |
r-release-linux-x86_64 | 1.1 | 1.66 | 26.90 | 28.56 | OK | |
r-release-macos-arm64 | 1.1 | 24.00 | OK | |||
r-release-macos-x86_64 | 1.1 | 38.00 | WARN | |||
r-release-windows-x86_64 | 1.1 | 2.00 | 75.00 | 77.00 | OK | |
r-oldrel-macos-arm64 | 1.1 | 28.00 | OK | |||
r-oldrel-macos-x86_64 | 1.1 | 38.00 | OK | |||
r-oldrel-windows-x86_64 | 1.1 | 3.00 | 76.00 | 79.00 | OK |
Version: 1.1
Check: re-building of vignette outputs
Result: WARN
Error(s) in re-building vignettes:
...
--- re-building ‘dyntaper.Rnw’ using knitr
Error: processing vignette 'dyntaper.Rnw' failed with diagnostics:
Running 'texi2dvi' on 'dyntaper.tex' failed.
LaTeX errors:
! Undefined control sequence.
l.184 \hlkwd{curve}\hldef
{(}\hlkwd{pmin}\hldef{(x,} \hlnum{1}\hldef{),} \hlk...
?
! Emergency stop.
l.184
End of file on the terminal!
! ==> Fatal error occurred, no output PDF file produced!
--- failed re-building ‘dyntaper.Rnw’
SUMMARY: processing the following file failed:
‘dyntaper.Rnw’
Error: Vignette re-building failed.
Execution halted
Flavor: r-release-macos-x86_64