CRAN Package Check Results for Package eChem

Last updated on 2025-01-19 05:49:07 CET.

Flavor Version Tinstall Tcheck Ttotal Status Flags
r-devel-linux-x86_64-debian-clang 1.0.0 4.93 72.13 77.06 OK
r-devel-linux-x86_64-debian-gcc 1.0.0 3.16 51.29 54.45 OK
r-devel-linux-x86_64-fedora-clang 1.0.0 124.46 OK
r-devel-linux-x86_64-fedora-gcc 1.0.0 131.77 OK
r-devel-windows-x86_64 1.0.0 5.00 141.00 146.00 OK
r-patched-linux-x86_64 1.0.0 4.37 64.52 68.89 NOTE
r-release-linux-x86_64 1.0.0 3.28 64.13 67.41 NOTE
r-release-macos-arm64 1.0.0 51.00 NOTE
r-release-macos-x86_64 1.0.0 74.00 NOTE
r-release-windows-x86_64 1.0.0 5.00 145.00 150.00 NOTE
r-oldrel-macos-arm64 1.0.0 49.00 NOTE
r-oldrel-macos-x86_64 1.0.0 108.00 NOTE
r-oldrel-windows-x86_64 1.0.0 7.00 145.00 152.00 NOTE

Check Details

Version: 1.0.0
Check: LazyData
Result: NOTE 'LazyData' is specified without a 'data' directory Flavors: r-patched-linux-x86_64, r-release-linux-x86_64, r-release-macos-arm64, r-release-macos-x86_64, r-release-windows-x86_64, r-oldrel-macos-arm64, r-oldrel-macos-x86_64, r-oldrel-windows-x86_64