Last updated on 2024-05-01 16:52:53 CEST.
Flavor | Version | Tinstall | Tcheck | Ttotal | Status | Flags |
---|---|---|---|---|---|---|
r-devel-linux-x86_64-debian-clang | 0.1.0 | 2.63 | 34.48 | 37.11 | OK | |
r-devel-linux-x86_64-debian-gcc | 0.1.0 | 2.46 | 26.39 | 28.85 | OK | |
r-devel-linux-x86_64-fedora-clang | 0.1.0 | 50.10 | NOTE | |||
r-devel-linux-x86_64-fedora-gcc | 0.1.0 | 57.73 | NOTE | |||
r-devel-windows-x86_64 | 0.1.0 | 4.00 | 55.00 | 59.00 | OK | |
r-patched-linux-x86_64 | 0.1.0 | 3.63 | 33.47 | 37.10 | OK | |
r-release-linux-x86_64 | 0.1.0 | 2.87 | 33.34 | 36.21 | OK | |
r-release-macos-arm64 | 0.1.0 | 33.00 | OK | |||
r-release-windows-x86_64 | 0.1.0 | 4.00 | 54.00 | 58.00 | OK | |
r-oldrel-macos-arm64 | 0.1.0 | 29.00 | OK | |||
r-oldrel-macos-x86_64 | 0.1.0 | 42.00 | OK | |||
r-oldrel-windows-x86_64 | 0.1.0 | 6.00 | 53.00 | 59.00 | OK |
Version: 0.1.0
Check: data for non-ASCII characters
Result: NOTE
Note: found 24 marked UTF-8 strings
Flavors: r-devel-linux-x86_64-fedora-clang, r-devel-linux-x86_64-fedora-gcc