CRAN Package Check Results for Package eSIR

Last updated on 2025-01-19 05:49:08 CET.

Flavor Version Tinstall Tcheck Ttotal Status Flags
r-devel-linux-x86_64-debian-clang 0.4.2 8.64 72.52 81.16 NOTE
r-devel-linux-x86_64-debian-gcc 0.4.2 6.75 50.45 57.20 NOTE
r-devel-linux-x86_64-fedora-clang 0.4.2 135.41 NOTE
r-devel-linux-x86_64-fedora-gcc 0.4.2 127.62 NOTE
r-devel-windows-x86_64 0.4.2 10.00 94.00 104.00 NOTE
r-patched-linux-x86_64 0.4.2 9.55 68.11 77.66 NOTE
r-release-linux-x86_64 0.4.2 9.01 66.89 75.90 NOTE
r-release-macos-arm64 0.4.2 36.00 NOTE
r-release-macos-x86_64 0.4.2 68.00 NOTE
r-release-windows-x86_64 0.4.2 11.00 93.00 104.00 NOTE
r-oldrel-macos-arm64 0.4.2 41.00 OK
r-oldrel-macos-x86_64 0.4.2 64.00 OK
r-oldrel-windows-x86_64 0.4.2 12.00 106.00 118.00 OK

Check Details

Version: 0.4.2
Check: Rd files
Result: NOTE checkRd: (-1) USA_state_N.Rd:10: Lost braces in \itemize; meant \describe ? checkRd: (-1) USA_state_N.Rd:11: Lost braces in \itemize; meant \describe ? checkRd: (-1) confirmed.Rd:10: Lost braces in \itemize; meant \describe ? checkRd: (-1) confirmed.Rd:11: Lost braces in \itemize; meant \describe ? checkRd: (-1) death.Rd:10: Lost braces in \itemize; meant \describe ? checkRd: (-1) death.Rd:11: Lost braces in \itemize; meant \describe ? checkRd: (-1) recovered.Rd:10: Lost braces in \itemize; meant \describe ? checkRd: (-1) recovered.Rd:11: Lost braces in \itemize; meant \describe ? Flavors: r-devel-linux-x86_64-debian-clang, r-devel-linux-x86_64-debian-gcc, r-devel-linux-x86_64-fedora-clang, r-devel-linux-x86_64-fedora-gcc, r-devel-windows-x86_64, r-patched-linux-x86_64, r-release-linux-x86_64, r-release-macos-arm64, r-release-macos-x86_64, r-release-windows-x86_64