Last updated on 2025-01-19 05:49:07 CET.
Flavor | Version | Tinstall | Tcheck | Ttotal | Status | Flags |
---|---|---|---|---|---|---|
r-devel-linux-x86_64-debian-clang | 2.5.1 | 10.25 | 76.73 | 86.98 | OK | |
r-devel-linux-x86_64-debian-gcc | 2.5.1 | 7.97 | 64.54 | 72.51 | OK | |
r-devel-linux-x86_64-fedora-clang | 2.5.1 | 136.33 | OK | |||
r-devel-linux-x86_64-fedora-gcc | 2.5.1 | 139.43 | OK | |||
r-devel-windows-x86_64 | 2.5.1 | 32.00 | 105.00 | 137.00 | OK | |
r-patched-linux-x86_64 | 2.5.1 | 11.64 | 75.95 | 87.59 | NOTE | |
r-release-linux-x86_64 | 2.5.1 | 10.24 | 76.15 | 86.39 | NOTE | |
r-release-macos-arm64 | 2.5.1 | 60.00 | NOTE | |||
r-release-macos-x86_64 | 2.5.1 | 146.00 | NOTE | |||
r-release-windows-x86_64 | 2.5.1 | 35.00 | 110.00 | 145.00 | NOTE | |
r-oldrel-macos-arm64 | 2.5.1 | 72.00 | NOTE | |||
r-oldrel-macos-x86_64 | 2.5.1 | 107.00 | NOTE | |||
r-oldrel-windows-x86_64 | 2.5.1 | 32.00 | 126.00 | 158.00 | NOTE |
Version: 2.5.1
Check: for GNU extensions in Makefiles
Result: NOTE
GNU make is a SystemRequirements.
Flavors: r-patched-linux-x86_64, r-release-linux-x86_64, r-release-macos-arm64, r-release-macos-x86_64, r-release-windows-x86_64, r-oldrel-macos-arm64, r-oldrel-macos-x86_64, r-oldrel-windows-x86_64