Last updated on 2025-01-19 05:49:07 CET.
Flavor | Version | Tinstall | Tcheck | Ttotal | Status | Flags |
---|---|---|---|---|---|---|
r-devel-linux-x86_64-debian-clang | 0.1.5 | 43.69 | 74.74 | 118.43 | OK | |
r-devel-linux-x86_64-debian-gcc | 0.1.5 | 31.17 | 54.78 | 85.95 | OK | |
r-devel-linux-x86_64-fedora-clang | 0.1.5 | 192.04 | OK | |||
r-devel-linux-x86_64-fedora-gcc | 0.1.5 | 233.44 | OK | |||
r-devel-windows-x86_64 | 0.1.5 | 39.00 | 131.00 | 170.00 | OK | |
r-patched-linux-x86_64 | 0.1.5 | 41.97 | 72.75 | 114.72 | OK | |
r-release-linux-x86_64 | 0.1.5 | 41.92 | 73.49 | 115.41 | OK | |
r-release-macos-arm64 | 0.1.5 | 69.00 | NOTE | |||
r-release-macos-x86_64 | 0.1.5 | 216.00 | NOTE | |||
r-release-windows-x86_64 | 0.1.5 | 38.00 | 131.00 | 169.00 | OK | |
r-oldrel-macos-arm64 | 0.1.5 | 75.00 | NOTE | |||
r-oldrel-macos-x86_64 | 0.1.5 | 161.00 | NOTE | |||
r-oldrel-windows-x86_64 | 0.1.5 | 39.00 | 150.00 | 189.00 | OK |
Version: 0.1.5
Check: installed package size
Result: NOTE
installed size is 18.2Mb
sub-directories of 1Mb or more:
R 2.5Mb
libs 15.4Mb
Flavors: r-release-macos-arm64, r-release-macos-x86_64, r-oldrel-macos-arm64, r-oldrel-macos-x86_64