Last updated on 2024-04-17 13:57:26 CEST.
Flavor | Version | Tinstall | Tcheck | Ttotal | Status | Flags |
---|---|---|---|---|---|---|
r-devel-linux-x86_64-debian-clang | 1.0.8 | 2.42 | 30.04 | 32.46 | NOTE | |
r-devel-linux-x86_64-debian-gcc | 1.0.8 | 2.03 | 22.55 | 24.58 | NOTE | |
r-devel-linux-x86_64-fedora-clang | 1.0.8 | 41.01 | NOTE | |||
r-devel-linux-x86_64-fedora-gcc | 1.0.8 | 51.49 | NOTE | |||
r-prerel-macos-arm64 | 1.0.8 | 21.00 | NOTE | |||
r-prerel-windows-x86_64 | 1.0.8 | 4.00 | 43.00 | 47.00 | NOTE | |
r-patched-linux-x86_64 | 1.0.8 | 2.33 | 28.24 | 30.57 | NOTE | |
r-release-linux-x86_64 | 1.0.8 | 2.43 | 28.34 | 30.77 | NOTE | |
r-release-macos-arm64 | 1.0.8 | 26.00 | NOTE | |||
r-release-macos-x86_64 | 1.0.8 | 41.00 | NOTE | |||
r-release-windows-x86_64 | 1.0.8 | 3.00 | 44.00 | 47.00 | NOTE | |
r-oldrel-macos-arm64 | 1.0.8 | 21.00 | NOTE | |||
r-oldrel-windows-x86_64 | 1.0.8 | 4.00 | 49.00 | 53.00 | NOTE |
Version: 1.0.8
Check: LazyData
Result: NOTE
'LazyData' is specified without a 'data' directory
Flavors: r-devel-linux-x86_64-debian-clang, r-devel-linux-x86_64-debian-gcc, r-devel-linux-x86_64-fedora-clang, r-devel-linux-x86_64-fedora-gcc, r-prerel-macos-arm64, r-prerel-windows-x86_64, r-patched-linux-x86_64, r-release-linux-x86_64, r-release-macos-arm64, r-release-macos-x86_64, r-release-windows-x86_64, r-oldrel-macos-arm64, r-oldrel-windows-x86_64
Version: 1.0.8
Check: for non-standard things in the check directory
Result: NOTE
Found the following files/directories:
‘example_table1.csv’ ‘example_table1.txt’ ‘example_table2.csv’
‘example_table2.txt’ ‘example_table3.csv’ ‘example_table3.txt’
‘table1.csv’ ‘table2.csv’ ‘table2.txt’ ‘table3.txt’ ‘table4.txt’
Flavors: r-devel-linux-x86_64-debian-clang, r-devel-linux-x86_64-debian-gcc, r-devel-linux-x86_64-fedora-clang, r-devel-linux-x86_64-fedora-gcc, r-patched-linux-x86_64, r-release-linux-x86_64