Last updated on 2025-01-19 05:49:07 CET.
Flavor | Version | Tinstall | Tcheck | Ttotal | Status | Flags |
---|---|---|---|---|---|---|
r-devel-linux-x86_64-debian-clang | 0.7.3 | 6.59 | 150.98 | 157.57 | OK | |
r-devel-linux-x86_64-debian-gcc | 0.7.3 | 4.34 | 110.36 | 114.70 | OK | |
r-devel-linux-x86_64-fedora-clang | 0.7.3 | 259.99 | OK | |||
r-devel-linux-x86_64-fedora-gcc | 0.7.3 | 284.28 | OK | |||
r-devel-windows-x86_64 | 0.7.3 | 11.00 | 137.00 | 148.00 | OK | |
r-patched-linux-x86_64 | 0.7.3 | 5.75 | 144.26 | 150.01 | OK | |
r-release-linux-x86_64 | 0.7.3 | 6.15 | 72.88 | 79.03 | ERROR | |
r-release-macos-arm64 | 0.7.3 | 79.00 | OK | |||
r-release-macos-x86_64 | 0.7.3 | 189.00 | OK | |||
r-release-windows-x86_64 | 0.7.3 | 12.00 | 134.00 | 146.00 | OK | |
r-oldrel-macos-arm64 | 0.7.3 | 97.00 | OK | |||
r-oldrel-macos-x86_64 | 0.7.3 | 216.00 | OK | |||
r-oldrel-windows-x86_64 | 0.7.3 | 13.00 | 113.00 | 126.00 | OK |
Version: 0.7.3
Check: re-building of vignette outputs
Result: ERROR
Error(s) in re-building vignettes:
...
--- re-building ‘citation.Rmd’ using rmarkdown
--- finished re-building ‘citation.Rmd’
--- re-building ‘conventions.Rmd’ using rmarkdown
--- finished re-building ‘conventions.Rmd’
--- re-building ‘list_of_functions.Rmd’ using rmarkdown
--- finished re-building ‘list_of_functions.Rmd’
--- re-building ‘resources.Rmd’ using rmarkdown
--- finished re-building ‘resources.Rmd’
--- re-building ‘version_policy.Rmd’ using rmarkdown
--- finished re-building ‘version_policy.Rmd’
--- re-building ‘workflow_performance.rmd’ using rmarkdown
Quitting from lines 85-86 [unnamed-chunk-4] (workflow_performance.rmd)
Error: processing vignette 'workflow_performance.rmd' failed with diagnostics:
`check_model()` returned following error: Following variable(s) were not
found: Component Possibly misspelled?
If the error message does not help identifying your problem, another
reason why `check_model()` failed might be that models of class
`glmmTMB` are not yet supported.
--- failed re-building ‘workflow_performance.rmd’
SUMMARY: processing the following file failed:
‘workflow_performance.rmd’
Error: Vignette re-building failed.
Execution halted
Flavor: r-release-linux-x86_64