Last updated on 2025-01-19 05:49:07 CET.
Flavor | Version | Tinstall | Tcheck | Ttotal | Status | Flags |
---|---|---|---|---|---|---|
r-devel-linux-x86_64-debian-clang | 1.10-0 | 4.30 | 44.11 | 48.41 | NOTE | |
r-devel-linux-x86_64-debian-gcc | 1.10-0 | 3.02 | 32.02 | 35.04 | NOTE | |
r-devel-linux-x86_64-fedora-clang | 1.10-0 | 78.13 | OK | |||
r-devel-linux-x86_64-fedora-gcc | 1.10-0 | 75.82 | OK | |||
r-devel-windows-x86_64 | 1.10-0 | 7.00 | 73.00 | 80.00 | NOTE | |
r-patched-linux-x86_64 | 1.10-0 | 7.21 | 40.76 | 47.97 | OK | |
r-release-linux-x86_64 | 1.10-0 | 3.89 | 40.81 | 44.70 | OK | |
r-release-macos-arm64 | 1.10-0 | 24.00 | OK | |||
r-release-macos-x86_64 | 1.10-0 | 43.00 | OK | |||
r-release-windows-x86_64 | 1.10-0 | 7.00 | 134.00 | 141.00 | OK | |
r-oldrel-macos-arm64 | 1.10-0 | 28.00 | OK | |||
r-oldrel-macos-x86_64 | 1.10-0 | 42.00 | OK | |||
r-oldrel-windows-x86_64 | 1.10-0 | 6.00 | 78.00 | 84.00 | OK |
Version: 1.10-0
Check: Rd cross-references
Result: NOTE
Found the following Rd file(s) with Rd \link{} targets missing package
anchors:
boot.Rd: paircomp
envirosound.Rd: paircomp
soundquality.Rd: paircomp
winetaste.Rd: paircomp
Please provide package anchors for all Rd \link{} targets not in the
package itself and the base packages.
Flavors: r-devel-linux-x86_64-debian-clang, r-devel-linux-x86_64-debian-gcc, r-devel-windows-x86_64