Last updated on 2025-01-19 05:49:07 CET.
Flavor | Version | Tinstall | Tcheck | Ttotal | Status | Flags |
---|---|---|---|---|---|---|
r-devel-linux-x86_64-debian-clang | 0.3.3 | 8.04 | 107.40 | 115.44 | OK | |
r-devel-linux-x86_64-debian-gcc | 0.3.3 | 5.25 | 69.26 | 74.51 | OK | |
r-devel-linux-x86_64-fedora-clang | 0.3.3 | 195.27 | OK | |||
r-devel-linux-x86_64-fedora-gcc | 0.3.3 | 153.66 | OK | |||
r-devel-windows-x86_64 | 0.3.3 | 11.00 | 113.00 | 124.00 | OK | |
r-patched-linux-x86_64 | 0.3.3 | 7.76 | 99.42 | 107.18 | OK | |
r-release-linux-x86_64 | 0.3.3 | 7.19 | 99.76 | 106.95 | OK | |
r-release-macos-arm64 | 0.3.3 | 98.00 | OK | |||
r-release-macos-x86_64 | 0.3.3 | 136.00 | OK | |||
r-release-windows-x86_64 | 0.3.3 | 11.00 | 113.00 | 124.00 | OK | |
r-oldrel-macos-arm64 | 0.3.3 | 14.00 | ERROR | |||
r-oldrel-macos-x86_64 | 0.3.3 | 11.00 | ERROR | |||
r-oldrel-windows-x86_64 | 0.3.3 | 12.00 | 141.00 | 153.00 | OK |
Version: 0.3.3
Check: package dependencies
Result: ERROR
Package required but not available: ‘HDF5Array’
See section ‘The DESCRIPTION file’ in the ‘Writing R Extensions’
manual.
Flavors: r-oldrel-macos-arm64, r-oldrel-macos-x86_64