CRAN Package Check Results for Package ecd

Last updated on 2019-12-05 12:48:33 CET.

Flavor Version Tinstall Tcheck Ttotal Status Flags
r-devel-linux-x86_64-debian-clang 0.9.1 20.46 469.96 490.42 OK
r-devel-linux-x86_64-debian-gcc 0.9.1 17.38 354.45 371.83 OK
r-devel-linux-x86_64-fedora-clang 0.9.1 598.02 OK
r-devel-linux-x86_64-fedora-gcc 0.9.1 579.61 OK
r-devel-windows-ix86+x86_64 0.9.1 31.00 174.00 205.00 OK --no-examples --no-tests --no-vignettes
r-devel-windows-ix86+x86_64-gcc8 0.9.1 37.00 124.00 161.00 OK --no-examples --no-tests --no-vignettes
r-patched-linux-x86_64 0.9.1 17.93 417.06 434.99 OK
r-patched-solaris-x86 0.9.1 615.70 OK
r-release-linux-x86_64 0.9.1 18.71 417.86 436.57 OK
r-release-windows-ix86+x86_64 0.9.1 35.00 116.00 151.00 OK --no-examples --no-tests --no-vignettes
r-release-osx-x86_64 0.9.1 OK
r-oldrel-windows-ix86+x86_64 0.9.1 28.00 163.00 191.00 WARN --no-examples --no-tests --no-vignettes
r-oldrel-osx-x86_64 0.9.1 OK

Check Details

Version: 0.9.1
Flags: --no-examples --no-tests --no-vignettes
Check: whether package can be installed
Result: WARN
    Found the following significant warnings:
     Warning: S3 methods '[.fun_list', '[.grouped_df', 'all.equal.tbl_df', 'anti_join.data.frame', 'anti_join.tbl_df', 'arrange.data.frame', 'arrange.default', 'arrange.grouped_df', 'arrange.tbl_df', 'arrange_.data.frame', 'arrange_.tbl_df', 'as.data.frame.grouped_df', 'as.data.frame.rowwise_df', 'as.data.frame.tbl_cube', 'as.table.tbl_cube', 'as.tbl.data.frame', 'as.tbl.tbl', 'as.tbl_cube.array', 'as.tbl_cube.data.frame', 'as.tbl_cube.matrix', 'as.tbl_cube.table', 'as_tibble.grouped_df', 'as_tibble.tbl_cube', 'auto_copy.tbl_cube', 'auto_copy.tbl_df', 'cbind.grouped_df', 'collapse.data.frame', 'collect.data.frame', 'common_by.NULL', 'common_by.character', 'common_by.default', 'common_by.list', 'compute.data.frame', 'copy_to.DBIConnection', 'copy_to.src_local', 'default_missing.data.frame', 'default_missing.default', 'dim.tbl_cube', 'distinct.data.frame', 'distinct.default', 'distinct.grouped_df', 'distinct.tbl_df', 'distinct_.data.frame', 'distinct_.grouped_df', 'distinct_.tbl_df', 'do.NULL', 'do.da [... truncated]
Flavor: r-oldrel-windows-ix86+x86_64