Last updated on 2025-02-08 20:48:21 CET.
Flavor | Version | Tinstall | Tcheck | Ttotal | Status | Flags |
---|---|---|---|---|---|---|
r-devel-linux-x86_64-debian-clang | 0.1.2 | 2.26 | 42.12 | 44.38 | NOTE | |
r-devel-linux-x86_64-debian-gcc | 0.1.2 | 1.54 | 29.99 | 31.53 | NOTE | |
r-devel-linux-x86_64-fedora-clang | 0.1.2 | 71.72 | OK | |||
r-devel-linux-x86_64-fedora-gcc | 0.1.2 | 73.50 | OK | |||
r-devel-windows-x86_64 | 0.1.2 | 4.00 | 67.00 | 71.00 | NOTE | |
r-patched-linux-x86_64 | 0.1.2 | 5.24 | 40.25 | 45.49 | OK | |
r-release-linux-x86_64 | 0.1.2 | 2.22 | 40.41 | 42.63 | OK | |
r-release-macos-arm64 | 0.1.2 | 26.00 | OK | |||
r-release-macos-x86_64 | 0.1.2 | 37.00 | OK | |||
r-release-windows-x86_64 | 0.1.2 | 4.00 | 68.00 | 72.00 | OK | |
r-oldrel-macos-arm64 | 0.1.2 | 28.00 | OK | |||
r-oldrel-macos-x86_64 | 0.1.2 | 42.00 | OK | |||
r-oldrel-windows-x86_64 | 0.1.2 | 5.00 | 76.00 | 81.00 | OK |
Version: 0.1.2
Check: Rd cross-references
Result: NOTE
Found the following Rd file(s) with Rd \link{} targets missing package
anchors:
navigation.hac.Rd: bearingRhumb, distVincentyEllipsoid
Please provide package anchors for all Rd \link{} targets not in the
package itself and the base packages.
Flavors: r-devel-linux-x86_64-debian-clang, r-devel-linux-x86_64-debian-gcc, r-devel-windows-x86_64