Last updated on 2025-01-19 05:49:07 CET.
Flavor | Version | Tinstall | Tcheck | Ttotal | Status | Flags |
---|---|---|---|---|---|---|
r-devel-linux-x86_64-debian-clang | 0.2.4 | 66.22 | 84.56 | 150.78 | OK | |
r-devel-linux-x86_64-debian-gcc | 0.2.4 | 47.20 | 56.40 | 103.60 | OK | |
r-devel-linux-x86_64-fedora-clang | 0.2.4 | 237.31 | OK | |||
r-devel-linux-x86_64-fedora-gcc | 0.2.4 | 279.51 | OK | |||
r-devel-windows-x86_64 | 0.2.4 | 65.00 | 129.00 | 194.00 | OK | |
r-patched-linux-x86_64 | 0.2.4 | 69.36 | 75.52 | 144.88 | OK | |
r-release-linux-x86_64 | 0.2.4 | 68.48 | 75.55 | 144.03 | OK | |
r-release-macos-arm64 | 0.2.4 | 85.00 | NOTE | |||
r-release-macos-x86_64 | 0.2.4 | 128.00 | NOTE | |||
r-release-windows-x86_64 | 0.2.4 | 64.00 | 127.00 | 191.00 | OK | |
r-oldrel-macos-arm64 | 0.2.4 | 79.00 | NOTE | |||
r-oldrel-macos-x86_64 | 0.2.4 | 267.00 | NOTE | |||
r-oldrel-windows-x86_64 | 0.2.4 | 68.00 | 152.00 | 220.00 | OK |
Version: 0.2.4
Check: installed package size
Result: NOTE
installed size is 13.5Mb
sub-directories of 1Mb or more:
doc 1.3Mb
libs 11.7Mb
Flavors: r-release-macos-arm64, r-release-macos-x86_64, r-oldrel-macos-arm64, r-oldrel-macos-x86_64