CRAN Package Check Results for Package ecoCopula

Last updated on 2025-01-19 05:49:07 CET.

Flavor Version Tinstall Tcheck Ttotal Status Flags
r-devel-linux-x86_64-debian-clang 1.0.2 9.74 267.05 276.79 NOTE
r-devel-linux-x86_64-debian-gcc 1.0.2 7.88 169.47 177.35 NOTE
r-devel-linux-x86_64-fedora-clang 1.0.2 455.47 OK
r-devel-linux-x86_64-fedora-gcc 1.0.2 482.21 OK
r-devel-windows-x86_64 1.0.2 13.00 238.00 251.00 NOTE
r-patched-linux-x86_64 1.0.2 13.53 252.63 266.16 OK
r-release-linux-x86_64 1.0.2 8.71 251.77 260.48 OK
r-release-macos-arm64 1.0.2 111.00 OK
r-release-macos-x86_64 1.0.2 186.00 OK
r-release-windows-x86_64 1.0.2 12.00 238.00 250.00 OK
r-oldrel-macos-arm64 1.0.2 127.00 OK
r-oldrel-macos-x86_64 1.0.2 226.00 OK
r-oldrel-windows-x86_64 1.0.2 15.00 316.00 331.00 OK

Check Details

Version: 1.0.2
Check: Rd cross-references
Result: NOTE Found the following Rd file(s) with Rd \link{} targets missing package anchors: cgr.Rd: glasso plot.cgr.Rd: gplot stackedsdm.Rd: mvabund Please provide package anchors for all Rd \link{} targets not in the package itself and the base packages. Flavors: r-devel-linux-x86_64-debian-clang, r-devel-linux-x86_64-debian-gcc, r-devel-windows-x86_64