Last updated on 2025-01-19 05:49:07 CET.
Flavor | Version | Tinstall | Tcheck | Ttotal | Status | Flags |
---|---|---|---|---|---|---|
r-devel-linux-x86_64-debian-clang | 1.3.2 | 16.73 | 152.73 | 169.46 | OK | |
r-devel-linux-x86_64-debian-gcc | 1.3.2 | 9.98 | 94.69 | 104.67 | OK | |
r-devel-linux-x86_64-fedora-clang | 1.3.2 | 265.81 | OK | |||
r-devel-linux-x86_64-fedora-gcc | 1.3.2 | 264.71 | OK | |||
r-devel-windows-x86_64 | 1.3.2 | 21.00 | 313.00 | 334.00 | OK | |
r-patched-linux-x86_64 | 1.3.2 | 16.05 | 141.98 | 158.03 | NOTE | |
r-release-linux-x86_64 | 1.3.2 | 15.99 | 142.78 | 158.77 | NOTE | |
r-release-macos-arm64 | 1.3.2 | 286.00 | OK | |||
r-release-macos-x86_64 | 1.3.2 | 430.00 | OK | |||
r-release-windows-x86_64 | 1.3.2 | 20.00 | 305.00 | 325.00 | OK | |
r-oldrel-macos-arm64 | 1.3.2 | 304.00 | OK | |||
r-oldrel-macos-x86_64 | 1.3.2 | 435.00 | OK | |||
r-oldrel-windows-x86_64 | 1.3.2 | 21.00 | 348.00 | 369.00 | OK |
Version: 1.3.2
Check: package dependencies
Result: NOTE
Package suggested but not available for checking: ‘taxize’
Flavors: r-patched-linux-x86_64, r-release-linux-x86_64