CRAN Package Check Results for Package ecolottery

Last updated on 2025-01-19 05:49:07 CET.

Flavor Version Tinstall Tcheck Ttotal Status Flags
r-devel-linux-x86_64-debian-clang 1.0.0 10.35 213.89 224.24 NOTE
r-devel-linux-x86_64-debian-gcc 1.0.0 8.69 147.92 156.61 NOTE
r-devel-linux-x86_64-fedora-clang 1.0.0 380.86 OK
r-devel-linux-x86_64-fedora-gcc 1.0.0 357.07 OK
r-devel-windows-x86_64 1.0.0 11.00 217.00 228.00 NOTE
r-patched-linux-x86_64 1.0.0 13.95 198.13 212.08 OK
r-release-linux-x86_64 1.0.0 9.99 191.78 201.77 OK
r-release-macos-arm64 1.0.0 98.00 OK
r-release-macos-x86_64 1.0.0 169.00 OK
r-release-windows-x86_64 1.0.0 13.00 214.00 227.00 OK
r-oldrel-macos-arm64 1.0.0 120.00 OK
r-oldrel-macos-x86_64 1.0.0 181.00 NOTE
r-oldrel-windows-x86_64 1.0.0 13.00 259.00 272.00 OK

Check Details

Version: 1.0.0
Check: Rd cross-references
Result: NOTE Found the following Rd file(s) with Rd \link{} targets missing package anchors: coalesc_abc.Rd: abc plot_comm.Rd: ggplot2-package Please provide package anchors for all Rd \link{} targets not in the package itself and the base packages. Flavors: r-devel-linux-x86_64-debian-clang, r-devel-linux-x86_64-debian-gcc, r-devel-windows-x86_64

Version: 1.0.0
Check: package dependencies
Result: NOTE Package suggested but not available for checking: ‘untb’ Flavor: r-oldrel-macos-x86_64