CRAN Package Check Results for Package econetwork

Last updated on 2025-01-19 05:49:07 CET.

Flavor Version Tinstall Tcheck Ttotal Status Flags
r-devel-linux-x86_64-debian-clang 0.7.0 42.57 109.88 152.45 OK
r-devel-linux-x86_64-debian-gcc 0.7.0 32.86 79.90 112.76 OK
r-devel-linux-x86_64-fedora-clang 0.7.0 263.90 OK
r-devel-linux-x86_64-fedora-gcc 0.7.0 262.48 OK
r-devel-windows-x86_64 0.7.0 48.00 127.00 175.00 OK
r-patched-linux-x86_64 0.7.0 49.66 104.19 153.85 OK
r-release-linux-x86_64 0.7.0 46.95 103.81 150.76 OK
r-release-macos-arm64 0.7.0 65.00 NOTE
r-release-macos-x86_64 0.7.0 92.00 NOTE
r-release-windows-x86_64 0.7.0 48.00 129.00 177.00 OK
r-oldrel-macos-arm64 0.7.0 78.00 NOTE
r-oldrel-macos-x86_64 0.7.0 126.00 NOTE
r-oldrel-windows-x86_64 0.7.0 52.00 161.00 213.00 OK

Check Details

Version: 0.7.0
Check: installed package size
Result: NOTE installed size is 13.4Mb sub-directories of 1Mb or more: libs 13.3Mb Flavors: r-release-macos-arm64, r-release-macos-x86_64, r-oldrel-macos-arm64, r-oldrel-macos-x86_64