CRAN Package Check Results for Package ecp

Last updated on 2020-07-14 12:48:13 CEST.

Flavor Version Tinstall Tcheck Ttotal Status Flags
r-devel-linux-x86_64-debian-clang 3.1.2 40.40 43.01 83.41 OK
r-devel-linux-x86_64-debian-gcc 3.1.2 31.50 33.43 64.93 OK
r-devel-linux-x86_64-fedora-clang 3.1.2 120.47 OK
r-devel-linux-x86_64-fedora-gcc 3.1.2 110.38 OK
r-devel-windows-ix86+x86_64 3.1.2 103.00 102.00 205.00 OK
r-patched-linux-x86_64 3.1.2 32.32 42.49 74.81 OK
r-patched-solaris-x86 3.1.2 115.30 OK
r-release-linux-x86_64 3.1.2 32.01 42.67 74.68 OK
r-release-macos-x86_64 3.1.2 ERROR
r-release-windows-ix86+x86_64 3.1.2 103.00 101.00 204.00 OK
r-oldrel-macos-x86_64 3.1.2 OK
r-oldrel-windows-ix86+x86_64 3.1.2 84.00 102.00 186.00 OK

Check Details

Version: 3.1.2
Check: whether package can be installed
Result: ERROR
    Installation failed.
Flavor: r-release-macos-x86_64