Last updated on 2025-01-19 05:49:07 CET.
Flavor | Version | Tinstall | Tcheck | Ttotal | Status | Flags |
---|---|---|---|---|---|---|
r-devel-linux-x86_64-debian-clang | 2.1.1 | 23.57 | 164.71 | 188.28 | NOTE | |
r-devel-linux-x86_64-debian-gcc | 2.1.1 | 14.86 | 105.15 | 120.01 | NOTE | |
r-devel-linux-x86_64-fedora-clang | 2.1.1 | 309.86 | NOTE | |||
r-devel-linux-x86_64-fedora-gcc | 2.1.1 | 313.18 | NOTE | |||
r-devel-windows-x86_64 | 2.1.1 | 34.00 | 218.00 | 252.00 | NOTE | |
r-patched-linux-x86_64 | 2.1.1 | 19.94 | 166.58 | 186.52 | NOTE | |
r-release-linux-x86_64 | 2.1.1 | 19.46 | 151.77 | 171.23 | NOTE | |
r-release-macos-arm64 | 2.1.1 | 110.00 | NOTE | |||
r-release-macos-x86_64 | 2.1.1 | 208.00 | NOTE | |||
r-release-windows-x86_64 | 2.1.1 | 31.00 | 215.00 | 246.00 | NOTE | |
r-oldrel-macos-arm64 | 2.1.1 | 124.00 | OK | |||
r-oldrel-macos-x86_64 | 2.1.1 | 192.00 | OK | |||
r-oldrel-windows-x86_64 | 2.1.1 | 38.00 | 268.00 | 306.00 | OK |
Version: 2.1.1
Check: Rd files
Result: NOTE
checkRd: (-1) transformFitness.Rd:25: Lost braces; missing escapes or markup?
25 | minimization (most others). This function computes a factor from {-1, 1} for
| ^
Flavors: r-devel-linux-x86_64-debian-clang, r-devel-linux-x86_64-debian-gcc, r-devel-linux-x86_64-fedora-clang, r-devel-linux-x86_64-fedora-gcc, r-devel-windows-x86_64, r-patched-linux-x86_64, r-release-linux-x86_64, r-release-macos-arm64, r-release-macos-x86_64, r-release-windows-x86_64