Last updated on 2024-04-21 12:53:55 CEST.
Flavor | Version | Tinstall | Tcheck | Ttotal | Status | Flags |
---|---|---|---|---|---|---|
r-devel-linux-x86_64-debian-clang | 0.9.4 | 22.47 | 201.13 | 223.60 | OK | |
r-devel-linux-x86_64-debian-gcc | 0.9.4 | 17.19 | 145.87 | 163.06 | OK | |
r-devel-linux-x86_64-fedora-clang | 0.9.4 | 283.23 | NOTE | |||
r-devel-linux-x86_64-fedora-gcc | 0.9.4 | 269.01 | OK | |||
r-prerel-macos-arm64 | 0.9.4 | 77.00 | OK | |||
r-prerel-windows-x86_64 | 0.9.4 | 19.00 | 152.00 | 171.00 | OK | |
r-patched-linux-x86_64 | 0.9.4 | 29.24 | 191.25 | 220.49 | OK | |
r-release-linux-x86_64 | 0.9.4 | 12.00 | 191.07 | 203.07 | OK | |
r-release-macos-arm64 | 0.9.4 | 83.00 | OK | |||
r-release-macos-x86_64 | 0.9.4 | 159.00 | OK | |||
r-release-windows-x86_64 | 0.9.4 | 24.00 | 185.00 | 209.00 | OK | |
r-oldrel-macos-arm64 | 0.9.4 | 75.00 | OK | |||
r-oldrel-windows-x86_64 | 0.9.4 | 26.00 | 188.00 | 214.00 | OK |
Version: 0.9.4
Check: Rd cross-references
Result: NOTE
Undeclared package ‘magrittr’ in Rd xrefs
Flavor: r-devel-linux-x86_64-fedora-clang