CRAN Package Check Results for Package edeaR

Last updated on 2025-01-19 05:49:07 CET.

Flavor Version Tinstall Tcheck Ttotal Status Flags
r-devel-linux-x86_64-debian-clang 0.9.4 16.05 170.58 186.63 NOTE
r-devel-linux-x86_64-debian-gcc 0.9.4 12.59 106.48 119.07 NOTE
r-devel-linux-x86_64-fedora-clang 0.9.4 291.27 OK
r-devel-linux-x86_64-fedora-gcc 0.9.4 277.79 OK
r-devel-windows-x86_64 0.9.4 21.00 158.00 179.00 NOTE
r-patched-linux-x86_64 0.9.4 25.91 144.90 170.81 OK
r-release-linux-x86_64 0.9.4 17.96 144.43 162.39 OK
r-release-macos-arm64 0.9.4 77.00 OK
r-release-macos-x86_64 0.9.4 107.00 OK
r-release-windows-x86_64 0.9.4 22.00 151.00 173.00 OK
r-oldrel-macos-arm64 0.9.4 83.00 OK
r-oldrel-macos-x86_64 0.9.4 159.00 OK
r-oldrel-windows-x86_64 0.9.4 20.00 188.00 208.00 OK

Check Details

Version: 0.9.4
Check: Rd cross-references
Result: NOTE Found the following Rd file(s) with Rd \link{} targets missing package anchors: filter_case_condition.Rd: dplyr_data_masking Please provide package anchors for all Rd \link{} targets not in the package itself and the base packages. Flavors: r-devel-linux-x86_64-debian-clang, r-devel-linux-x86_64-debian-gcc, r-devel-windows-x86_64