Last updated on 2024-05-01 16:52:53 CEST.
Flavor | Version | Tinstall | Tcheck | Ttotal | Status | Flags |
---|---|---|---|---|---|---|
r-devel-linux-x86_64-debian-clang | 0.4.2 | 39.25 | 97.46 | 136.71 | OK | |
r-devel-linux-x86_64-debian-gcc | 0.4.2 | 29.32 | 73.90 | 103.22 | OK | |
r-devel-linux-x86_64-fedora-clang | 0.4.2 | 180.36 | NOTE | |||
r-devel-linux-x86_64-fedora-gcc | 0.4.2 | 192.61 | NOTE | |||
r-devel-windows-x86_64 | 0.4.2 | 32.00 | 102.00 | 134.00 | OK | |
r-patched-linux-x86_64 | 0.4.2 | 37.25 | 93.87 | 131.12 | OK | |
r-release-linux-x86_64 | 0.4.2 | 39.45 | 94.83 | 134.28 | OK | |
r-release-macos-arm64 | 0.4.2 | 47.00 | OK | |||
r-release-windows-x86_64 | 0.4.2 | 34.00 | 104.00 | 138.00 | OK | |
r-oldrel-macos-arm64 | 0.4.2 | 54.00 | OK | |||
r-oldrel-macos-x86_64 | 0.4.2 | 116.00 | OK | |||
r-oldrel-windows-x86_64 | 0.4.2 | 41.00 | 127.00 | 168.00 | OK |
Version: 0.4.2
Check: data for non-ASCII characters
Result: NOTE
Note: found 22 marked UTF-8 strings
Flavors: r-devel-linux-x86_64-fedora-clang, r-devel-linux-x86_64-fedora-gcc