Last updated on 2025-01-19 05:49:07 CET.
Flavor | Version | Tinstall | Tcheck | Ttotal | Status | Flags |
---|---|---|---|---|---|---|
r-devel-linux-x86_64-debian-clang | 0.1.1 | 27.71 | 44.63 | 72.34 | NOTE | |
r-devel-linux-x86_64-debian-gcc | 0.1.1 | 20.18 | 33.56 | 53.74 | NOTE | |
r-devel-linux-x86_64-fedora-clang | 0.1.1 | 129.53 | NOTE | |||
r-devel-linux-x86_64-fedora-gcc | 0.1.1 | 127.82 | NOTE | |||
r-devel-windows-x86_64 | 0.1.1 | 32.00 | 84.00 | 116.00 | NOTE | |
r-patched-linux-x86_64 | 0.1.1 | 28.87 | 41.60 | 70.47 | NOTE | |
r-release-linux-x86_64 | 0.1.1 | 28.54 | 41.83 | 70.37 | NOTE | |
r-release-macos-arm64 | 0.1.1 | 39.00 | NOTE | |||
r-release-macos-x86_64 | 0.1.1 | 51.00 | NOTE | |||
r-release-windows-x86_64 | 0.1.1 | 34.00 | 85.00 | 119.00 | NOTE | |
r-oldrel-macos-arm64 | 0.1.1 | 39.00 | NOTE | |||
r-oldrel-macos-x86_64 | 0.1.1 | 63.00 | NOTE | |||
r-oldrel-windows-x86_64 | 0.1.1 | 36.00 | 98.00 | 134.00 | NOTE |
Version: 0.1.1
Check: C++ specification
Result: NOTE
Specified C++11: please drop specification unless essential
Flavors: r-devel-linux-x86_64-debian-clang, r-devel-linux-x86_64-debian-gcc, r-devel-linux-x86_64-fedora-clang, r-devel-linux-x86_64-fedora-gcc, r-devel-windows-x86_64, r-patched-linux-x86_64, r-release-linux-x86_64, r-release-macos-arm64, r-release-macos-x86_64, r-release-windows-x86_64, r-oldrel-macos-arm64, r-oldrel-macos-x86_64, r-oldrel-windows-x86_64
Version: 0.1.1
Check: LazyData
Result: NOTE
'LazyData' is specified without a 'data' directory
Flavors: r-patched-linux-x86_64, r-release-linux-x86_64, r-release-macos-arm64, r-release-macos-x86_64, r-release-windows-x86_64, r-oldrel-macos-arm64, r-oldrel-macos-x86_64, r-oldrel-windows-x86_64