CRAN Package Check Results for Package eegkit

Last updated on 2019-10-19 12:47:32 CEST.

Flavor Version Tinstall Tcheck Ttotal Status Flags
r-devel-linux-x86_64-debian-clang 1.0-4 5.03 43.52 48.55 OK
r-devel-linux-x86_64-debian-gcc 1.0-4 3.87 35.27 39.14 OK
r-devel-linux-x86_64-fedora-clang 1.0-4 59.65 OK
r-devel-linux-x86_64-fedora-gcc 1.0-4 58.59 OK
r-devel-windows-ix86+x86_64 1.0-4 16.00 70.00 86.00 OK
r-patched-linux-x86_64 1.0-4 5.02 42.41 47.43 OK
r-patched-solaris-x86 1.0-4 98.00 OK
r-release-linux-x86_64 1.0-4 5.42 42.95 48.37 OK
r-release-windows-ix86+x86_64 1.0-4 14.00 101.00 115.00 OK
r-release-osx-x86_64 1.0-4 WARN
r-oldrel-windows-ix86+x86_64 1.0-4 9.00 59.00 68.00 OK
r-oldrel-osx-x86_64 1.0-4 OK

Check Details

Version: 1.0-4
Check: whether package can be installed
Result: WARN
    Found the following significant warnings:
     Warning: 'rgl_init' failed, running with rgl.useNULL = TRUE
Flavor: r-release-osx-x86_64