Last updated on 2025-01-19 05:49:07 CET.
Flavor | Version | Tinstall | Tcheck | Ttotal | Status | Flags |
---|---|---|---|---|---|---|
r-devel-linux-x86_64-debian-clang | 1.0-4 | 5.48 | 43.49 | 48.97 | NOTE | |
r-devel-linux-x86_64-debian-gcc | 1.0-4 | 3.89 | 34.89 | 38.78 | NOTE | |
r-devel-linux-x86_64-fedora-clang | 1.0-4 | 75.13 | OK | |||
r-devel-linux-x86_64-fedora-gcc | 1.0-4 | 72.78 | OK | |||
r-devel-windows-x86_64 | 1.0-4 | 8.00 | 66.00 | 74.00 | NOTE | |
r-patched-linux-x86_64 | 1.0-4 | 9.32 | 41.60 | 50.92 | OK | |
r-release-linux-x86_64 | 1.0-4 | 4.65 | 40.33 | 44.98 | OK | |
r-release-macos-arm64 | 1.0-4 | 29.00 | OK | |||
r-release-macos-x86_64 | 1.0-4 | 36.00 | OK | |||
r-release-windows-x86_64 | 1.0-4 | 8.00 | 68.00 | 76.00 | OK | |
r-oldrel-macos-arm64 | 1.0-4 | 27.00 | OK | |||
r-oldrel-macos-x86_64 | 1.0-4 | 39.00 | OK | |||
r-oldrel-windows-x86_64 | 1.0-4 | 9.00 | 73.00 | 82.00 | OK |
Version: 1.0-4
Check: Rd cross-references
Result: NOTE
Found the following Rd file(s) with Rd \link{} targets missing package
anchors:
eegfilter.Rd: butter, fir1, filtfilt, freqz_plot
eegpsd.Rd: imagebar
Please provide package anchors for all Rd \link{} targets not in the
package itself and the base packages.
Flavors: r-devel-linux-x86_64-debian-clang, r-devel-linux-x86_64-debian-gcc, r-devel-windows-x86_64