CRAN Package Check Results for Package eegkit

Last updated on 2020-06-03 12:49:06 CEST.

Flavor Version Tinstall Tcheck Ttotal Status Flags
r-devel-linux-x86_64-debian-clang 1.0-4 5.55 49.59 55.14 OK
r-devel-linux-x86_64-debian-gcc 1.0-4 4.29 39.73 44.02 OK
r-devel-linux-x86_64-fedora-clang 1.0-4 75.86 OK
r-devel-linux-x86_64-fedora-gcc 1.0-4 66.69 OK
r-devel-windows-ix86+x86_64 1.0-4 23.00 110.00 133.00 OK
r-patched-linux-x86_64 1.0-4 6.66 50.22 56.88 OK
r-patched-solaris-x86 1.0-4 100.80 OK
r-release-linux-x86_64 1.0-4 5.98 50.47 56.45 OK
r-release-osx-x86_64 1.0-4 OK
r-release-windows-ix86+x86_64 1.0-4 15.00 103.00 118.00 OK
r-oldrel-osx-x86_64 1.0-4 WARN
r-oldrel-windows-ix86+x86_64 1.0-4 14.00 69.00 83.00 OK

Check Details

Version: 1.0-4
Check: whether package can be installed
Result: WARN
    Found the following significant warnings:
     Warning: 'rgl_init' failed, running with rgl.useNULL = TRUE
Flavor: r-oldrel-osx-x86_64