Last updated on 2025-01-19 05:49:07 CET.
Flavor | Version | Tinstall | Tcheck | Ttotal | Status | Flags |
---|---|---|---|---|---|---|
r-devel-linux-x86_64-debian-clang | 1.2.0 | 77.62 | 70.69 | 148.31 | OK | |
r-devel-linux-x86_64-debian-gcc | 1.2.0 | 66.31 | 53.90 | 120.21 | OK | |
r-devel-linux-x86_64-fedora-clang | 1.2.0 | 231.88 | OK | |||
r-devel-linux-x86_64-fedora-gcc | 1.2.0 | 303.37 | OK | |||
r-devel-windows-x86_64 | 1.2.0 | 69.00 | 100.00 | 169.00 | OK | |
r-patched-linux-x86_64 | 1.2.0 | 83.42 | 70.18 | 153.60 | OK | |
r-release-linux-x86_64 | 1.2.0 | 89.38 | 69.47 | 158.85 | OK | |
r-release-macos-arm64 | 1.2.0 | 63.00 | NOTE | |||
r-release-macos-x86_64 | 1.2.0 | 104.00 | NOTE | |||
r-release-windows-x86_64 | 1.2.0 | 73.00 | 99.00 | 172.00 | NOTE | |
r-oldrel-macos-arm64 | 1.2.0 | 74.00 | NOTE | |||
r-oldrel-macos-x86_64 | 1.2.0 | 111.00 | NOTE | |||
r-oldrel-windows-x86_64 | 1.2.0 | 83.00 | 121.00 | 204.00 | NOTE |
Version: 1.2.0
Check: installed package size
Result: NOTE
installed size is 41.6Mb
sub-directories of 1Mb or more:
libs 41.4Mb
Flavors: r-release-macos-arm64, r-release-macos-x86_64, r-release-windows-x86_64, r-oldrel-macos-arm64, r-oldrel-macos-x86_64, r-oldrel-windows-x86_64