Last updated on 2025-01-19 05:49:07 CET.
Flavor | Version | Tinstall | Tcheck | Ttotal | Status | Flags |
---|---|---|---|---|---|---|
r-devel-linux-x86_64-debian-clang | 2.4 | 716.44 | 158.59 | 875.03 | NOTE | |
r-devel-linux-x86_64-debian-gcc | 2.4 | 705.16 | 175.58 | 880.74 | NOTE | |
r-devel-linux-x86_64-fedora-clang | 2.4 | 1455.03 | OK | |||
r-devel-linux-x86_64-fedora-gcc | 2.4 | 2197.44 | OK | |||
r-devel-windows-x86_64 | 2.4 | 715.00 | 238.00 | 953.00 | NOTE | |
r-patched-linux-x86_64 | 2.4 | 773.83 | 230.29 | 1004.12 | NOTE | |
r-release-linux-x86_64 | 2.4 | 946.07 | 231.60 | 1177.67 | NOTE | |
r-release-macos-arm64 | 2.4 | 370.00 | NOTE | |||
r-release-macos-x86_64 | 2.4 | 439.00 | NOTE | |||
r-release-windows-x86_64 | 2.4 | 731.00 | 237.00 | 968.00 | NOTE | |
r-oldrel-macos-arm64 | 2.4 | 419.00 | NOTE | |||
r-oldrel-macos-x86_64 | 2.4 | 524.00 | NOTE | |||
r-oldrel-windows-x86_64 | 2.4 | 968.00 | 287.00 | 1255.00 | NOTE |
Version: 2.4
Check: Rd cross-references
Result: NOTE
Found the following Rd file(s) with Rd \link{} targets missing package
anchors:
plotCounts.Rd: xyplot
Please provide package anchors for all Rd \link{} targets not in the
package itself and the base packages.
Flavors: r-devel-linux-x86_64-debian-clang, r-devel-linux-x86_64-debian-gcc, r-devel-windows-x86_64
Version: 2.4
Check: package dependencies
Result: NOTE
Package suggested but not available for checking: ‘eggCountsExtra’
Flavors: r-patched-linux-x86_64, r-release-linux-x86_64, r-release-macos-arm64, r-release-macos-x86_64, r-release-windows-x86_64, r-oldrel-macos-arm64, r-oldrel-macos-x86_64, r-oldrel-windows-x86_64
Version: 2.4
Check: for GNU extensions in Makefiles
Result: NOTE
GNU make is a SystemRequirements.
Flavors: r-patched-linux-x86_64, r-release-linux-x86_64, r-release-macos-arm64, r-release-macos-x86_64, r-release-windows-x86_64, r-oldrel-macos-arm64, r-oldrel-macos-x86_64, r-oldrel-windows-x86_64
Version: 2.4
Check: installed package size
Result: NOTE
installed size is 106.0Mb
sub-directories of 1Mb or more:
libs 105.3Mb
Flavors: r-release-macos-arm64, r-release-macos-x86_64, r-release-windows-x86_64, r-oldrel-macos-arm64, r-oldrel-macos-x86_64, r-oldrel-windows-x86_64