Last updated on 2024-04-21 12:53:55 CEST.
Flavor | Version | Tinstall | Tcheck | Ttotal | Status | Flags |
---|---|---|---|---|---|---|
r-devel-linux-x86_64-debian-clang | 1.1 | 7.37 | 78.76 | 86.13 | NOTE | |
r-devel-linux-x86_64-debian-gcc | 1.1 | 7.00 | 57.64 | 64.64 | NOTE | |
r-devel-linux-x86_64-fedora-clang | 1.1 | 106.52 | NOTE | |||
r-devel-linux-x86_64-fedora-gcc | 1.1 | 101.56 | NOTE | |||
r-prerel-macos-arm64 | 1.1 | 35.00 | NOTE | |||
r-prerel-windows-x86_64 | 1.1 | 9.00 | 71.00 | 80.00 | NOTE | |
r-patched-linux-x86_64 | 1.1 | 8.06 | 73.60 | 81.66 | NOTE | |
r-release-linux-x86_64 | 1.1 | 8.87 | 76.08 | 84.95 | NOTE | |
r-release-macos-arm64 | 1.1 | 33.00 | NOTE | |||
r-release-macos-x86_64 | 1.1 | 55.00 | NOTE | |||
r-release-windows-x86_64 | 1.1 | 11.00 | 86.00 | 97.00 | NOTE | |
r-oldrel-macos-arm64 | 1.1 | 31.00 | NOTE | |||
r-oldrel-windows-x86_64 | 1.1 | 12.00 | 86.00 | 98.00 | NOTE |
Version: 1.1
Check: LazyData
Result: NOTE
'LazyData' is specified without a 'data' directory
Flavors: r-devel-linux-x86_64-debian-clang, r-devel-linux-x86_64-debian-gcc, r-devel-linux-x86_64-fedora-clang, r-devel-linux-x86_64-fedora-gcc, r-prerel-macos-arm64, r-prerel-windows-x86_64, r-patched-linux-x86_64, r-release-linux-x86_64, r-release-macos-arm64, r-release-macos-x86_64, r-release-windows-x86_64, r-oldrel-macos-arm64, r-oldrel-windows-x86_64