CRAN Package Check Results for Package elasso

Last updated on 2025-01-19 05:49:07 CET.

Flavor Version Tinstall Tcheck Ttotal Status Flags
r-devel-linux-x86_64-debian-clang 1.1 6.78 60.16 66.94 OK
r-devel-linux-x86_64-debian-gcc 1.1 5.84 44.35 50.19 OK
r-devel-linux-x86_64-fedora-clang 1.1 110.04 OK
r-devel-linux-x86_64-fedora-gcc 1.1 105.85 OK
r-devel-windows-x86_64 1.1 9.00 71.00 80.00 OK
r-patched-linux-x86_64 1.1 6.32 57.04 63.36 NOTE
r-release-linux-x86_64 1.1 6.24 57.05 63.29 NOTE
r-release-macos-arm64 1.1 35.00 NOTE
r-release-macos-x86_64 1.1 48.00 NOTE
r-release-windows-x86_64 1.1 8.00 73.00 81.00 NOTE
r-oldrel-macos-arm64 1.1 33.00 NOTE
r-oldrel-macos-x86_64 1.1 55.00 NOTE
r-oldrel-windows-x86_64 1.1 12.00 84.00 96.00 NOTE

Check Details

Version: 1.1
Check: LazyData
Result: NOTE 'LazyData' is specified without a 'data' directory Flavors: r-patched-linux-x86_64, r-release-linux-x86_64, r-release-macos-arm64, r-release-macos-x86_64, r-release-windows-x86_64, r-oldrel-macos-arm64, r-oldrel-macos-x86_64, r-oldrel-windows-x86_64