Last updated on 2024-04-17 13:57:26 CEST.
Flavor | Version | Tinstall | Tcheck | Ttotal | Status | Flags |
---|---|---|---|---|---|---|
r-devel-linux-x86_64-debian-clang | 1.2.0 | 8.87 | 53.43 | 62.30 | NOTE | |
r-devel-linux-x86_64-debian-gcc | 1.2.0 | 6.07 | 39.69 | 45.76 | NOTE | |
r-devel-linux-x86_64-fedora-clang | 1.2.0 | 74.90 | NOTE | |||
r-devel-linux-x86_64-fedora-gcc | 1.2.0 | 74.23 | NOTE | |||
r-prerel-macos-arm64 | 1.2.0 | 24.00 | NOTE | |||
r-prerel-windows-x86_64 | 1.2.0 | 8.00 | 69.00 | 77.00 | NOTE | |
r-patched-linux-x86_64 | 1.2.0 | 9.01 | 50.18 | 59.19 | NOTE | |
r-release-linux-x86_64 | 1.2.0 | 7.50 | 51.27 | 58.77 | OK | |
r-release-macos-arm64 | 1.2.0 | 28.00 | OK | |||
r-release-macos-x86_64 | 1.2.0 | 36.00 | OK | |||
r-release-windows-x86_64 | 1.2.0 | 11.00 | 84.00 | 95.00 | OK | |
r-oldrel-macos-arm64 | 1.2.0 | 24.00 | OK | |||
r-oldrel-windows-x86_64 | 1.2.0 | 9.00 | 66.00 | 75.00 | OK |
Version: 1.2.0
Check: Rd files
Result: NOTE
checkRd: (-1) docs_delete_by_query.Rd:47: Lost braces; missing escapes or markup?
47 | as a document at .tasks/task/${taskId}. This is yours to keep or remove
| ^
checkRd: (-1) docs_update_by_query.Rd:48: Lost braces; missing escapes or markup?
48 | as a document at .tasks/task/${taskId}. This is yours to keep or remove
| ^
Flavors: r-devel-linux-x86_64-debian-clang, r-devel-linux-x86_64-debian-gcc, r-devel-linux-x86_64-fedora-clang, r-devel-linux-x86_64-fedora-gcc, r-prerel-macos-arm64, r-prerel-windows-x86_64, r-patched-linux-x86_64