CRAN Package Check Results for Package ellipticalsymmetry

Last updated on 2025-01-19 05:49:07 CET.

Flavor Version Tinstall Tcheck Ttotal Status Flags
r-devel-linux-x86_64-debian-clang 0.1.2 3.49 28.56 32.05 OK
r-devel-linux-x86_64-debian-gcc 0.1.2 2.40 21.77 24.17 OK
r-devel-linux-x86_64-fedora-clang 0.1.2 53.56 NOTE
r-devel-linux-x86_64-fedora-gcc 0.1.2 49.71 NOTE
r-devel-windows-x86_64 0.1.2 5.00 52.00 57.00 OK
r-patched-linux-x86_64 0.1.2 3.03 27.05 30.08 OK
r-release-linux-x86_64 0.1.2 2.65 26.84 29.49 OK
r-release-macos-arm64 0.1.2 22.00 OK
r-release-macos-x86_64 0.1.2 29.00 OK
r-release-windows-x86_64 0.1.2 5.00 51.00 56.00 OK
r-oldrel-macos-arm64 0.1.2 22.00 OK
r-oldrel-macos-x86_64 0.1.2 29.00 OK
r-oldrel-windows-x86_64 0.1.2 6.00 54.00 60.00 OK

Check Details

Version: 0.1.2
Check: dependencies in R code
Result: NOTE Namespace in Imports field not imported from: ‘datasets’ All declared Imports should be used. Flavors: r-devel-linux-x86_64-fedora-clang, r-devel-linux-x86_64-fedora-gcc