Last updated on 2025-01-19 05:49:07 CET.
Flavor | Version | Tinstall | Tcheck | Ttotal | Status | Flags |
---|---|---|---|---|---|---|
r-devel-linux-x86_64-debian-clang | 1.1-28 | 35.65 | 254.23 | 289.88 | OK | |
r-devel-linux-x86_64-debian-gcc | 1.1-28 | 24.46 | 165.04 | 189.50 | OK | |
r-devel-linux-x86_64-fedora-clang | 1.1-28 | 473.50 | NOTE | |||
r-devel-linux-x86_64-fedora-gcc | 1.1-28 | 460.13 | NOTE | |||
r-devel-windows-x86_64 | 1.1-28 | 38.00 | 206.00 | 244.00 | OK | |
r-patched-linux-x86_64 | 1.1-28 | 34.37 | 238.86 | 273.23 | OK | |
r-release-linux-x86_64 | 1.1-28 | 34.15 | 235.83 | 269.98 | OK | |
r-release-macos-arm64 | 1.1-28 | 101.00 | OK | |||
r-release-macos-x86_64 | 1.1-28 | 184.00 | OK | |||
r-release-windows-x86_64 | 1.1-28 | 38.00 | 209.00 | 247.00 | OK | |
r-oldrel-macos-arm64 | 1.1-28 | 108.00 | OK | |||
r-oldrel-macos-x86_64 | 1.1-28 | 201.00 | OK | |||
r-oldrel-windows-x86_64 | 1.1-28 | 40.00 | 266.00 | 306.00 | OK |
Version: 1.1-28
Check: compiled code
Result: NOTE
File ‘elsa/libs/elsa.so’:
Found no calls to: ‘R_registerRoutines’, ‘R_useDynamicSymbols’
It is good practice to register native routines and to disable symbol
search.
See ‘Writing portable packages’ in the ‘Writing R Extensions’ manual.
Flavors: r-devel-linux-x86_64-fedora-clang, r-devel-linux-x86_64-fedora-gcc