Last updated on 2025-01-19 05:49:07 CET.
Flavor | Version | Tinstall | Tcheck | Ttotal | Status | Flags |
---|---|---|---|---|---|---|
r-devel-linux-x86_64-debian-clang | 0.0.14 | 640.82 | 43.08 | 683.90 | OK | |
r-devel-linux-x86_64-debian-gcc | 0.0.14 | 414.58 | 30.85 | 445.43 | OK | |
r-devel-linux-x86_64-fedora-clang | 0.0.14 | 1566.35 | OK | |||
r-devel-linux-x86_64-fedora-gcc | 0.0.14 | 1438.48 | OK | |||
r-devel-windows-x86_64 | 0.0.14 | 662.00 | 96.00 | 758.00 | OK | |
r-patched-linux-x86_64 | 0.0.14 | 588.35 | 41.44 | 629.79 | OK | |
r-release-linux-x86_64 | 0.0.14 | 586.17 | 41.28 | 627.45 | OK | |
r-release-macos-arm64 | 0.0.14 | 274.00 | NOTE | |||
r-release-macos-x86_64 | 0.0.14 | 221.00 | NOTE | |||
r-release-windows-x86_64 | 0.0.14 | 644.00 | 96.00 | 740.00 | OK | |
r-oldrel-macos-arm64 | 0.0.14 | 274.00 | NOTE | |||
r-oldrel-macos-x86_64 | 0.0.14 | 205.00 | NOTE | |||
r-oldrel-windows-x86_64 | 0.0.14 | 700.00 | 111.00 | 811.00 | OK |
Version: 0.0.14
Check: installed package size
Result: NOTE
installed size is 18.1Mb
sub-directories of 1Mb or more:
data 2.0Mb
libs 15.9Mb
Flavors: r-release-macos-arm64, r-release-macos-x86_64, r-oldrel-macos-arm64, r-oldrel-macos-x86_64