CRAN Package Check Results for Package emdist

Last updated on 2025-01-19 05:49:07 CET.

Flavor Version Tinstall Tcheck Ttotal Status Flags
r-devel-linux-x86_64-debian-clang 0.3-3 2.70 15.72 18.42 NOTE
r-devel-linux-x86_64-debian-gcc 0.3-3 2.50 13.57 16.07 NOTE
r-devel-linux-x86_64-fedora-clang 0.3-3 29.99 NOTE
r-devel-linux-x86_64-fedora-gcc 0.3-3 30.13 NOTE
r-devel-windows-x86_64 0.3-3 5.00 35.00 40.00 OK
r-patched-linux-x86_64 0.3-3 2.80 15.24 18.04 NOTE
r-release-linux-x86_64 0.3-3 2.78 15.44 18.22 NOTE
r-release-macos-arm64 0.3-3 15.00 NOTE
r-release-macos-x86_64 0.3-3 21.00 NOTE
r-release-windows-x86_64 0.3-3 5.00 35.00 40.00 OK
r-oldrel-macos-arm64 0.3-3 18.00 OK
r-oldrel-macos-x86_64 0.3-3 27.00 OK
r-oldrel-windows-x86_64 0.3-3 7.00 34.00 41.00 OK

Check Details

Version: 0.3-3
Check: DESCRIPTION meta-information
Result: NOTE License stub is invalid DCF. Flavors: r-devel-linux-x86_64-debian-clang, r-devel-linux-x86_64-debian-gcc, r-patched-linux-x86_64, r-release-linux-x86_64, r-release-macos-arm64, r-release-macos-x86_64

Version: 0.3-3
Check: DESCRIPTION meta-information
Result: NOTE Licence stub is invalid DCF. Flavors: r-devel-linux-x86_64-fedora-clang, r-devel-linux-x86_64-fedora-gcc