Last updated on 2025-01-19 05:49:07 CET.
Flavor | Version | Tinstall | Tcheck | Ttotal | Status | Flags |
---|---|---|---|---|---|---|
r-devel-linux-x86_64-debian-clang | 0.9.7 | 6.76 | 342.10 | 348.86 | NOTE | |
r-devel-linux-x86_64-debian-gcc | 0.9.7 | 4.03 | 191.92 | 195.95 | NOTE | |
r-devel-linux-x86_64-fedora-clang | 0.9.7 | 606.69 | OK | |||
r-devel-linux-x86_64-fedora-gcc | 0.9.7 | 587.27 | OK | |||
r-devel-windows-x86_64 | 0.9.7 | 8.00 | 291.00 | 299.00 | NOTE | |
r-patched-linux-x86_64 | 0.9.7 | 8.65 | 304.40 | 313.05 | OK | |
r-release-linux-x86_64 | 0.9.7 | 6.84 | 313.04 | 319.88 | OK | |
r-release-macos-arm64 | 0.9.7 | 123.00 | OK | |||
r-release-macos-x86_64 | 0.9.7 | 342.00 | OK | |||
r-release-windows-x86_64 | 0.9.7 | 8.00 | 282.00 | 290.00 | OK | |
r-oldrel-macos-arm64 | 0.9.7 | 137.00 | OK | |||
r-oldrel-macos-x86_64 | 0.9.7 | 251.00 | OK | |||
r-oldrel-windows-x86_64 | 0.9.7 | 10.00 | 344.00 | 354.00 | OK |
Version: 0.9.7
Check: Rd cross-references
Result: NOTE
Found the following Rd file(s) with Rd \link{} targets missing package
anchors:
hfit.Rd: maxLik
Please provide package anchors for all Rd \link{} targets not in the
package itself and the base packages.
Flavors: r-devel-linux-x86_64-debian-clang, r-devel-linux-x86_64-debian-gcc, r-devel-windows-x86_64