CRAN Package Check Results for Package encryptedRmd

Last updated on 2025-01-19 05:49:07 CET.

Flavor Version Tinstall Tcheck Ttotal Status Flags
r-devel-linux-x86_64-debian-clang 0.2.1 1.37 18.12 19.49 OK
r-devel-linux-x86_64-debian-gcc 0.2.1 1.44 14.75 16.19 OK
r-devel-linux-x86_64-fedora-clang 0.2.1 32.38 OK
r-devel-linux-x86_64-fedora-gcc 0.2.1 31.40 OK
r-devel-windows-x86_64 0.2.1 5.00 40.00 45.00 OK
r-patched-linux-x86_64 0.2.1 1.78 17.37 19.15 NOTE
r-release-linux-x86_64 0.2.1 1.20 17.55 18.75 NOTE
r-release-macos-arm64 0.2.1 17.00 NOTE
r-release-macos-x86_64 0.2.1 27.00 NOTE
r-release-windows-x86_64 0.2.1 4.00 39.00 43.00 NOTE
r-oldrel-macos-arm64 0.2.1 17.00 NOTE
r-oldrel-macos-x86_64 0.2.1 19.00 NOTE
r-oldrel-windows-x86_64 0.2.1 4.00 41.00 45.00 NOTE

Check Details

Version: 0.2.1
Check: LazyData
Result: NOTE 'LazyData' is specified without a 'data' directory Flavors: r-patched-linux-x86_64, r-release-linux-x86_64, r-release-macos-arm64, r-release-macos-x86_64, r-release-windows-x86_64, r-oldrel-macos-arm64, r-oldrel-macos-x86_64, r-oldrel-windows-x86_64