CRAN Package Check Results for Package epca

Last updated on 2025-01-19 05:49:07 CET.

Flavor Version Tinstall Tcheck Ttotal Status Flags
r-devel-linux-x86_64-debian-clang 1.1.0 1.89 42.92 44.81 NOTE
r-devel-linux-x86_64-debian-gcc 1.1.0 1.71 31.18 32.89 NOTE
r-devel-linux-x86_64-fedora-clang 1.1.0 77.43 NOTE
r-devel-linux-x86_64-fedora-gcc 1.1.0 84.05 NOTE
r-devel-windows-x86_64 1.1.0 4.00 64.00 68.00 NOTE
r-patched-linux-x86_64 1.1.0 2.88 38.51 41.39 NOTE
r-release-linux-x86_64 1.1.0 1.75 41.39 43.14 NOTE
r-release-macos-arm64 1.1.0 31.00 NOTE
r-release-macos-x86_64 1.1.0 72.00 NOTE
r-release-windows-x86_64 1.1.0 4.00 71.00 75.00 NOTE
r-oldrel-macos-arm64 1.1.0 31.00 OK
r-oldrel-macos-x86_64 1.1.0 71.00 OK
r-oldrel-windows-x86_64 1.1.0 4.00 74.00 78.00 OK

Check Details

Version: 1.1.0
Check: Rd files
Result: NOTE checkRd: (-1) misClustRate.Rd:18: Lost braces; missing escapes or markup? 18 | Compute the empirical MCR, assuming that #{cluster} = #{block}, | ^ checkRd: (-1) misClustRate.Rd:18: Lost braces; missing escapes or markup? 18 | Compute the empirical MCR, assuming that #{cluster} = #{block}, | ^ Flavors: r-devel-linux-x86_64-debian-clang, r-devel-linux-x86_64-debian-gcc, r-devel-linux-x86_64-fedora-clang, r-devel-linux-x86_64-fedora-gcc, r-devel-windows-x86_64, r-patched-linux-x86_64, r-release-linux-x86_64, r-release-macos-arm64, r-release-macos-x86_64, r-release-windows-x86_64