CRAN Package Check Results for Package epidata

Last updated on 2025-01-19 05:49:07 CET.

Flavor Version Tinstall Tcheck Ttotal Status Flags
r-devel-linux-x86_64-debian-clang 0.4.0 5.45 46.76 52.21 OK
r-devel-linux-x86_64-debian-gcc 0.4.0 3.86 33.57 37.43 OK
r-devel-linux-x86_64-fedora-clang 0.4.0 86.08 NOTE
r-devel-linux-x86_64-fedora-gcc 0.4.0 79.39 NOTE
r-devel-windows-x86_64 0.4.0 9.00 89.00 98.00 OK
r-patched-linux-x86_64 0.4.0 5.51 43.39 48.90 OK
r-release-linux-x86_64 0.4.0 4.76 43.82 48.58 OK
r-release-macos-arm64 0.4.0 51.00 OK
r-release-macos-x86_64 0.4.0 59.00 OK
r-release-windows-x86_64 0.4.0 10.00 90.00 100.00 OK
r-oldrel-macos-arm64 0.4.0 50.00 OK
r-oldrel-macos-x86_64 0.4.0 62.00 OK
r-oldrel-windows-x86_64 0.4.0 10.00 94.00 104.00 OK

Check Details

Version: 0.4.0
Check: dependencies in R code
Result: NOTE Namespace in Imports field not imported from: ‘tinytest’ All declared Imports should be used. Flavors: r-devel-linux-x86_64-fedora-clang, r-devel-linux-x86_64-fedora-gcc