CRAN Package Check Results for Package epifitter

Last updated on 2025-01-19 05:49:07 CET.

Flavor Version Tinstall Tcheck Ttotal Status Flags
r-devel-linux-x86_64-debian-clang 0.3.0 3.00 60.47 63.47 OK
r-devel-linux-x86_64-debian-gcc 0.3.0 2.12 44.36 46.48 OK
r-devel-linux-x86_64-fedora-clang 0.3.0 109.33 NOTE
r-devel-linux-x86_64-fedora-gcc 0.3.0 118.58 NOTE
r-devel-windows-x86_64 0.3.0 5.00 85.00 90.00 OK
r-patched-linux-x86_64 0.3.0 2.81 56.16 58.97 OK
r-release-linux-x86_64 0.3.0 2.74 55.68 58.42 OK
r-release-macos-arm64 0.3.0 38.00 OK
r-release-macos-x86_64 0.3.0 58.00 OK
r-release-windows-x86_64 0.3.0 4.00 91.00 95.00 OK
r-oldrel-macos-arm64 0.3.0 36.00 OK
r-oldrel-macos-x86_64 0.3.0 56.00 OK
r-oldrel-windows-x86_64 0.3.0 6.00 92.00 98.00 OK

Check Details

Version: 0.3.0
Check: dependencies in R code
Result: NOTE Namespace in Imports field not imported from: ‘knitr’ All declared Imports should be used. Flavors: r-devel-linux-x86_64-fedora-clang, r-devel-linux-x86_64-fedora-gcc