Last updated on 2024-05-01 16:52:53 CEST.
Flavor | Version | Tinstall | Tcheck | Ttotal | Status | Flags |
---|---|---|---|---|---|---|
r-devel-linux-x86_64-debian-clang | 0.3.0 | 4.01 | 77.07 | 81.08 | OK | |
r-devel-linux-x86_64-debian-gcc | 0.3.0 | 2.78 | 57.31 | 60.09 | OK | |
r-devel-linux-x86_64-fedora-clang | 0.3.0 | 104.31 | NOTE | |||
r-devel-linux-x86_64-fedora-gcc | 0.3.0 | 108.43 | NOTE | |||
r-devel-windows-x86_64 | 0.3.0 | 5.00 | 81.00 | 86.00 | OK | |
r-patched-linux-x86_64 | 0.3.0 | 2.70 | 73.52 | 76.22 | OK | |
r-release-linux-x86_64 | 0.3.0 | 3.88 | 71.94 | 75.82 | OK | |
r-release-macos-arm64 | 0.3.0 | 38.00 | OK | |||
r-release-windows-x86_64 | 0.3.0 | 6.00 | 81.00 | 87.00 | OK | |
r-oldrel-macos-arm64 | 0.3.0 | 36.00 | OK | |||
r-oldrel-macos-x86_64 | 0.3.0 | 56.00 | OK | |||
r-oldrel-windows-x86_64 | 0.3.0 | 6.00 | 88.00 | 94.00 | OK |
Version: 0.3.0
Check: dependencies in R code
Result: NOTE
Namespace in Imports field not imported from: ‘knitr’
All declared Imports should be used.
Flavors: r-devel-linux-x86_64-fedora-clang, r-devel-linux-x86_64-fedora-gcc