Last updated on 2025-01-19 05:49:07 CET.
Flavor | Version | Tinstall | Tcheck | Ttotal | Status | Flags |
---|---|---|---|---|---|---|
r-devel-linux-x86_64-debian-clang | 0.6-5 | 8.74 | 48.98 | 57.72 | OK | |
r-devel-linux-x86_64-debian-gcc | 0.6-5 | 5.50 | 34.67 | 40.17 | OK | |
r-devel-linux-x86_64-fedora-clang | 0.6-5 | 93.16 | OK | |||
r-devel-linux-x86_64-fedora-gcc | 0.6-5 | 86.67 | OK | |||
r-devel-windows-x86_64 | 0.6-5 | 11.00 | 80.00 | 91.00 | OK | |
r-patched-linux-x86_64 | 0.6-5 | 10.40 | 45.91 | 56.31 | OK | |
r-release-linux-x86_64 | 0.6-5 | 7.79 | 45.19 | 52.98 | OK | |
r-release-macos-arm64 | 0.6-5 | 29.00 | OK | |||
r-release-macos-x86_64 | 0.6-5 | 43.00 | OK | |||
r-release-windows-x86_64 | 0.6-5 | 11.00 | 76.00 | 87.00 | OK | |
r-oldrel-macos-arm64 | 0.6-5 | 30.00 | OK | |||
r-oldrel-macos-x86_64 | 0.6-5 | 43.00 | NOTE | |||
r-oldrel-windows-x86_64 | 0.6-5 | 14.00 | 85.00 | 99.00 | OK |
Version: 0.6-5
Check: package dependencies
Result: NOTE
Packages suggested but not available for checking:
'fields', 'forecast', 'imputeTS', 'lme4', 'statnet'
Flavor: r-oldrel-macos-x86_64