Last updated on 2025-01-19 05:49:07 CET.
Flavor | Version | Tinstall | Tcheck | Ttotal | Status | Flags |
---|---|---|---|---|---|---|
r-devel-linux-x86_64-debian-clang | 1.0-9 | 14.30 | 76.82 | 91.12 | OK | |
r-devel-linux-x86_64-debian-gcc | 1.0-9 | 8.99 | 51.56 | 60.55 | OK | |
r-devel-linux-x86_64-fedora-clang | 1.0-9 | 147.11 | OK | |||
r-devel-linux-x86_64-fedora-gcc | 1.0-9 | 135.35 | OK | |||
r-devel-windows-x86_64 | 1.0-9 | 15.00 | 103.00 | 118.00 | OK | |
r-patched-linux-x86_64 | 1.0-9 | 13.74 | 71.47 | 85.21 | OK | |
r-release-linux-x86_64 | 1.0-9 | 12.58 | 70.49 | 83.07 | OK | |
r-release-macos-arm64 | 1.0-9 | 43.00 | OK | |||
r-release-macos-x86_64 | 1.0-9 | 68.00 | OK | |||
r-release-windows-x86_64 | 1.0-9 | 17.00 | 100.00 | 117.00 | OK | |
r-oldrel-macos-arm64 | 1.0-9 | 44.00 | OK | |||
r-oldrel-macos-x86_64 | 1.0-9 | 64.00 | NOTE | |||
r-oldrel-windows-x86_64 | 1.0-9 | 21.00 | 120.00 | 141.00 | OK |
Version: 1.0-9
Check: package dependencies
Result: NOTE
Packages suggested but not available for checking:
'fields', 'lme4', 'rworldmap', 'statnet'
Flavor: r-oldrel-macos-x86_64