CRAN Package Check Results for Package epiparameter

Last updated on 2025-01-19 05:49:07 CET.

Flavor Version Tinstall Tcheck Ttotal Status Flags
r-devel-linux-x86_64-debian-clang 0.4.0 18.40 269.24 287.64 OK
r-devel-linux-x86_64-debian-gcc 0.4.0 11.93 161.52 173.45 OK
r-devel-linux-x86_64-fedora-clang 0.4.0 465.99 OK
r-devel-linux-x86_64-fedora-gcc 0.4.0 580.65 OK
r-devel-windows-x86_64 0.4.0 30.00 363.00 393.00 OK
r-patched-linux-x86_64 0.4.0 18.24 250.60 268.84 OK
r-release-linux-x86_64 0.4.0 16.31 252.98 269.29 OK
r-release-macos-arm64 0.4.0 255.00 ERROR
r-release-macos-x86_64 0.4.0 507.00 OK
r-release-windows-x86_64 0.4.0 27.00 367.00 394.00 OK
r-oldrel-macos-arm64 0.4.0 264.00 ERROR
r-oldrel-macos-x86_64 0.4.0 560.00 OK
r-oldrel-windows-x86_64 0.4.0 27.00 395.00 422.00 ERROR

Additional issues

M1mac

Check Details

Version: 0.4.0
Check: re-building of vignette outputs
Result: ERROR Error(s) in re-building vignettes: --- re-building ‘data_protocol.Rmd’ using rmarkdown --- finished re-building ‘data_protocol.Rmd’ --- re-building ‘database.Rmd’ using rmarkdown --- finished re-building ‘database.Rmd’ --- re-building ‘design_principles.Rmd’ using rmarkdown --- finished re-building ‘design_principles.Rmd’ --- re-building ‘epiparameter.Rmd’ using rmarkdown --- finished re-building ‘epiparameter.Rmd’ --- re-building ‘extract-bias.Rmd’ using rmarkdown File figure/plot-results-percentiles-1.png not found in resource path Error: processing vignette 'extract-bias.Rmd' failed with diagnostics: pandoc document conversion failed with error 99 --- failed re-building ‘extract-bias.Rmd’ --- re-building ‘extract_convert.Rmd’ using rmarkdown --- finished re-building ‘extract_convert.Rmd’ SUMMARY: processing the following file failed: ‘extract-bias.Rmd’ Error: Vignette re-building failed. Execution halted Flavors: r-release-macos-arm64, r-oldrel-macos-arm64, r-oldrel-windows-x86_64